Last updated on 2024-04-27 00:57:59 CEST.
Flavor | Version | Tinstall | Tcheck | Ttotal | Status | Flags |
---|---|---|---|---|---|---|
r-devel-linux-x86_64-debian-clang | 1.2.0 | 3.07 | 50.98 | 54.05 | OK | |
r-devel-linux-x86_64-debian-gcc | 1.2.0 | 2.29 | 35.41 | 37.70 | OK | |
r-devel-linux-x86_64-fedora-clang | 1.2.0 | 63.94 | NOTE | |||
r-devel-linux-x86_64-fedora-gcc | 1.2.0 | 61.17 | OK | |||
r-devel-windows-x86_64 | 1.2.0 | 3.00 | 52.00 | 55.00 | OK | |
r-patched-linux-x86_64 | 1.2.0 | 3.21 | 46.86 | 50.07 | OK | |
r-release-linux-x86_64 | 1.2.0 | 2.88 | 49.66 | 52.54 | OK | |
r-release-macos-arm64 | 1.2.0 | 21.00 | OK | |||
r-release-windows-x86_64 | 1.2.0 | 4.00 | 50.00 | 54.00 | OK | |
r-oldrel-macos-arm64 | 1.2.0 | 23.00 | OK | |||
r-oldrel-macos-x86_64 | 1.2.0 | 32.00 | OK | |||
r-oldrel-windows-x86_64 | 1.2.0 | 3.00 | 56.00 | 59.00 | OK |
Version: 1.2.0
Check: Rd cross-references
Result: NOTE
Undeclared package ‘flip’ in Rd xrefs
Flavor: r-devel-linux-x86_64-fedora-clang