Last updated on 2023-11-29 09:08:38 CET.
Flavor | Version | Tinstall | Tcheck | Ttotal | Status | Flags |
---|---|---|---|---|---|---|
r-devel-linux-x86_64-debian-clang | 0.9.11 | 9.75 | 87.50 | 97.25 | NOTE | |
r-devel-linux-x86_64-debian-gcc | 0.9.11 | 7.61 | 65.10 | 72.71 | NOTE | |
r-devel-linux-x86_64-fedora-clang | 0.9.11 | 118.82 | OK | |||
r-devel-linux-x86_64-fedora-gcc | 0.9.11 | 126.11 | OK | |||
r-devel-windows-x86_64 | 0.9.11 | 9.00 | 96.00 | 105.00 | OK | |
r-patched-linux-x86_64 | 0.9.11 | 14.23 | 82.88 | 97.11 | OK | |
r-release-linux-x86_64 | 0.9.11 | 6.11 | 83.10 | 89.21 | OK | |
r-release-macos-arm64 | 0.9.11 | 46.00 | OK | |||
r-release-macos-x86_64 | 0.9.11 | 72.00 | OK | |||
r-release-windows-x86_64 | 0.9.11 | 13.00 | 104.00 | 117.00 | OK | |
r-oldrel-macos-arm64 | 0.9.11 | 35.00 | OK | |||
r-oldrel-macos-x86_64 | 0.9.11 | 59.00 | OK | |||
r-oldrel-windows-x86_64 | 0.9.11 | 13.00 | 100.00 | 113.00 | OK |
Version: 0.9.11
Check: Rd files
Result: NOTE
checkRd: (-1) to_flow.Rd:110-117: Lost braces
110 | \strong{Behaviour:}{
| ^
checkRd: (-1) to_flowdef.Rd:111-115: Lost braces
111 | {
| ^
Flavors: r-devel-linux-x86_64-debian-clang, r-devel-linux-x86_64-debian-gcc