Last updated on 2022-06-25 00:50:46 CEST.
Flavor | Version | Tinstall | Tcheck | Ttotal | Status | Flags |
---|---|---|---|---|---|---|
r-devel-linux-x86_64-debian-clang | 0.1.3 | 24.59 | 64.28 | 88.87 | OK | |
r-devel-linux-x86_64-debian-gcc | 0.1.3 | 19.68 | 46.60 | 66.28 | OK | |
r-devel-linux-x86_64-fedora-clang | 0.1.3 | 129.34 | NOTE | |||
r-devel-linux-x86_64-fedora-gcc | 0.1.3 | 119.51 | NOTE | |||
r-devel-windows-x86_64 | 0.1.3 | 36.00 | 106.00 | 142.00 | OK | |
r-patched-linux-x86_64 | 0.1.3 | 22.16 | 61.31 | 83.47 | OK | |
r-release-linux-x86_64 | 0.1.3 | 20.11 | 60.99 | 81.10 | OK | |
r-release-macos-arm64 | 0.1.3 | 33.00 | NOTE | |||
r-release-macos-x86_64 | 0.1.3 | 63.00 | NOTE | |||
r-release-windows-x86_64 | 0.1.3 | 36.00 | 107.00 | 143.00 | OK | |
r-oldrel-macos-arm64 | 0.1.3 | 41.00 | NOTE | |||
r-oldrel-macos-x86_64 | 0.1.3 | 63.00 | NOTE | |||
r-oldrel-windows-ix86+x86_64 | 0.1.3 | 66.00 | 124.00 | 190.00 | OK |
Version: 0.1.3
Check: dependencies in R code
Result: NOTE
Namespaces in Imports field not imported from:
‘kableExtra’ ‘knitr’ ‘rmarkdown’
All declared Imports should be used.
Flavors: r-devel-linux-x86_64-fedora-clang, r-devel-linux-x86_64-fedora-gcc, r-release-macos-arm64, r-release-macos-x86_64, r-oldrel-macos-arm64, r-oldrel-macos-x86_64