Last updated on 2024-03-28 23:55:06 CET.
Flavor | Version | Tinstall | Tcheck | Ttotal | Status | Flags |
---|---|---|---|---|---|---|
r-devel-linux-x86_64-debian-clang | 0.1.1 | 3.28 | 168.00 | 171.28 | NOTE | |
r-devel-linux-x86_64-debian-gcc | 0.1.1 | 2.51 | 120.05 | 122.56 | NOTE | |
r-devel-linux-x86_64-fedora-clang | 0.1.1 | 194.27 | NOTE | |||
r-devel-linux-x86_64-fedora-gcc | 0.1.1 | 208.21 | NOTE | |||
r-devel-windows-x86_64 | 0.1.1 | 4.00 | 129.00 | 133.00 | NOTE | |
r-patched-linux-x86_64 | 0.1.1 | 2.95 | 162.13 | 165.08 | NOTE | |
r-release-linux-x86_64 | 0.1.1 | 2.61 | 160.19 | 162.80 | NOTE | |
r-release-macos-arm64 | 0.1.1 | 66.00 | NOTE | |||
r-release-macos-x86_64 | 0.1.1 | 114.00 | NOTE | |||
r-release-windows-x86_64 | 0.1.1 | 4.00 | 158.00 | 162.00 | NOTE | |
r-oldrel-macos-arm64 | 0.1.1 | 60.00 | NOTE | |||
r-oldrel-windows-x86_64 | 0.1.1 | 5.00 | 160.00 | 165.00 | NOTE |
Version: 0.1.1
Check: LazyData
Result: NOTE
'LazyData' is specified without a 'data' directory
Flavors: r-devel-linux-x86_64-debian-clang, r-devel-linux-x86_64-debian-gcc, r-devel-linux-x86_64-fedora-clang, r-devel-linux-x86_64-fedora-gcc, r-devel-windows-x86_64, r-patched-linux-x86_64, r-release-linux-x86_64, r-release-macos-arm64, r-release-macos-x86_64, r-release-windows-x86_64, r-oldrel-macos-arm64, r-oldrel-windows-x86_64