CRAN Package Check Results for Package footprint

Last updated on 2021-10-24 16:54:03 CEST.

Flavor Version Tinstall Tcheck Ttotal Status Flags
r-devel-linux-x86_64-debian-clang 0.1 4.21 47.51 51.72 NOTE
r-devel-linux-x86_64-debian-gcc 0.1 3.29 35.88 39.17 NOTE
r-devel-linux-x86_64-fedora-clang 0.1 73.85 NOTE
r-devel-linux-x86_64-fedora-gcc 0.1 59.87 NOTE
r-devel-windows-x86_64 0.1 9.00 73.00 82.00 NOTE
r-devel-windows-x86_64-gcc10-UCRT 0.1 NOTE
r-patched-linux-x86_64 0.1 3.49 44.27 47.76 NOTE
r-patched-solaris-x86 0.1 87.00 NOTE
r-release-linux-x86_64 0.1 3.90 44.06 47.96 NOTE
r-release-macos-arm64 0.1 NOTE
r-release-macos-x86_64 0.1 NOTE
r-release-windows-ix86+x86_64 0.1 9.00 66.00 75.00 NOTE
r-oldrel-macos-x86_64 0.1 OK
r-oldrel-windows-ix86+x86_64 0.1 11.00 67.00 78.00 OK

Check Details

Version: 0.1
Check: LazyData
Result: NOTE
     'LazyData' is specified without a 'data' directory
Flavors: r-devel-linux-x86_64-debian-clang, r-devel-linux-x86_64-debian-gcc, r-devel-linux-x86_64-fedora-clang, r-devel-linux-x86_64-fedora-gcc, r-devel-windows-x86_64, r-devel-windows-x86_64-gcc10-UCRT, r-patched-linux-x86_64, r-patched-solaris-x86, r-release-linux-x86_64, r-release-macos-arm64, r-release-macos-x86_64, r-release-windows-ix86+x86_64