Last updated on 2023-09-26 17:09:17 CEST.
Flavor | Version | Tinstall | Tcheck | Ttotal | Status | Flags |
---|---|---|---|---|---|---|
r-devel-linux-x86_64-debian-clang | 5.0.19 | 8.71 | 357.04 | 365.75 | NOTE | |
r-devel-linux-x86_64-debian-gcc | 5.0.19 | 7.36 | 249.20 | 256.56 | NOTE | |
r-devel-linux-x86_64-fedora-clang | 5.0.19 | 427.09 | NOTE | |||
r-devel-linux-x86_64-fedora-gcc | 5.0.19 | 434.86 | NOTE | |||
r-devel-windows-x86_64 | 5.0.19 | 9.00 | 276.00 | 285.00 | NOTE | |
r-patched-linux-x86_64 | 5.0.19 | 17.42 | 338.35 | 355.77 | NOTE | |
r-release-linux-x86_64 | 5.0.19 | 5.79 | 338.93 | 344.72 | NOTE | |
r-release-macos-arm64 | 5.0.19 | 107.00 | NOTE | |||
r-release-macos-x86_64 | 5.0.19 | 187.00 | NOTE | |||
r-release-windows-x86_64 | 5.0.19 | 11.00 | 378.00 | 389.00 | NOTE | |
r-oldrel-macos-arm64 | 5.0.19 | 101.00 | NOTE | |||
r-oldrel-macos-x86_64 | 5.0.19 | 209.00 | NOTE | |||
r-oldrel-windows-x86_64 | 5.0.19 | 15.00 | 377.00 | 392.00 | NOTE |
Version: 5.0.19
Check: LazyData
Result: NOTE
'LazyData' is specified without a 'data' directory
Flavors: r-devel-linux-x86_64-debian-clang, r-devel-linux-x86_64-debian-gcc, r-devel-linux-x86_64-fedora-clang, r-devel-linux-x86_64-fedora-gcc, r-devel-windows-x86_64, r-patched-linux-x86_64, r-release-linux-x86_64, r-release-macos-arm64, r-release-macos-x86_64, r-release-windows-x86_64, r-oldrel-macos-arm64, r-oldrel-macos-x86_64, r-oldrel-windows-x86_64