CRAN Package Check Results for Package forecastHybrid

Last updated on 2021-10-26 04:27:14 CEST.

Flavor Version Tinstall Tcheck Ttotal Status Flags
r-devel-linux-x86_64-debian-clang 5.0.19 8.54 348.26 356.80 NOTE
r-devel-linux-x86_64-debian-gcc 5.0.19 5.95 237.26 243.21 NOTE
r-devel-linux-x86_64-fedora-clang 5.0.19 400.63 NOTE
r-devel-linux-x86_64-fedora-gcc 5.0.19 391.62 NOTE
r-devel-windows-x86_64 5.0.19 13.00 483.00 496.00 NOTE
r-devel-windows-x86_64-gcc10-UCRT 5.0.19 NOTE
r-patched-linux-x86_64 5.0.19 12.43 324.43 336.86 NOTE
r-patched-solaris-x86 5.0.19 470.20 NOTE
r-release-linux-x86_64 5.0.19 6.91 323.51 330.42 NOTE
r-release-macos-arm64 5.0.19 NOTE
r-release-macos-x86_64 5.0.19 NOTE
r-release-windows-ix86+x86_64 5.0.19 14.00 474.00 488.00 NOTE
r-oldrel-macos-x86_64 5.0.19 OK
r-oldrel-windows-ix86+x86_64 5.0.19 21.00 466.00 487.00 OK

Check Details

Version: 5.0.19
Check: LazyData
Result: NOTE
     'LazyData' is specified without a 'data' directory
Flavors: r-devel-linux-x86_64-debian-clang, r-devel-linux-x86_64-debian-gcc, r-devel-linux-x86_64-fedora-clang, r-devel-linux-x86_64-fedora-gcc, r-devel-windows-x86_64, r-devel-windows-x86_64-gcc10-UCRT, r-patched-linux-x86_64, r-patched-solaris-x86, r-release-linux-x86_64, r-release-macos-arm64, r-release-macos-x86_64, r-release-windows-ix86+x86_64