Last updated on 2024-04-23 08:57:56 CEST.
Flavor | Version | Tinstall | Tcheck | Ttotal | Status | Flags |
---|---|---|---|---|---|---|
r-devel-linux-x86_64-debian-clang | 5.0.19 | 9.21 | 358.42 | 367.63 | NOTE | |
r-devel-linux-x86_64-debian-gcc | 5.0.19 | 6.62 | 253.52 | 260.14 | NOTE | |
r-devel-linux-x86_64-fedora-clang | 5.0.19 | 440.72 | NOTE | |||
r-devel-linux-x86_64-fedora-gcc | 5.0.19 | 443.15 | NOTE | |||
r-prerel-macos-arm64 | 5.0.19 | 107.00 | NOTE | |||
r-prerel-windows-x86_64 | 5.0.19 | 9.00 | 280.00 | 289.00 | NOTE | |
r-patched-linux-x86_64 | 5.0.19 | 10.99 | 349.65 | 360.64 | NOTE | |
r-release-linux-x86_64 | 5.0.19 | 5.54 | 342.57 | 348.11 | NOTE | |
r-release-macos-arm64 | 5.0.19 | 107.00 | NOTE | |||
r-release-macos-x86_64 | 5.0.19 | 187.00 | NOTE | |||
r-release-windows-x86_64 | 5.0.19 | 11.00 | 373.00 | 384.00 | NOTE | |
r-oldrel-macos-arm64 | 5.0.19 | 101.00 | NOTE | |||
r-oldrel-windows-x86_64 | 5.0.19 | 11.00 | 366.00 | 377.00 | NOTE |
Version: 5.0.19
Check: LazyData
Result: NOTE
'LazyData' is specified without a 'data' directory
Flavors: r-devel-linux-x86_64-debian-clang, r-devel-linux-x86_64-debian-gcc, r-devel-linux-x86_64-fedora-clang, r-devel-linux-x86_64-fedora-gcc, r-prerel-macos-arm64, r-prerel-windows-x86_64, r-patched-linux-x86_64, r-release-linux-x86_64, r-release-macos-arm64, r-release-macos-x86_64, r-release-windows-x86_64, r-oldrel-macos-arm64, r-oldrel-windows-x86_64