Last updated on 2024-04-24 09:21:45 CEST.
Flavor | Version | Tinstall | Tcheck | Ttotal | Status | Flags |
---|---|---|---|---|---|---|
r-devel-linux-x86_64-debian-clang | 0.0-5 | 12.15 | 148.73 | 160.88 | OK | |
r-devel-linux-x86_64-debian-gcc | 0.0-5 | 8.92 | 108.83 | 117.75 | OK | |
r-devel-linux-x86_64-fedora-clang | 0.0-5 | 195.35 | NOTE | |||
r-devel-linux-x86_64-fedora-gcc | 0.0-5 | 198.02 | NOTE | |||
r-patched-linux-x86_64 | 0.0-5 | 14.38 | 142.54 | 156.92 | OK | |
r-release-linux-x86_64 | 0.0-5 | 13.14 | 134.76 | 147.90 | OK | |
r-release-macos-arm64 | 0.0-5 | 61.00 | OK | |||
r-release-windows-x86_64 | 0.0-5 | 15.00 | 152.00 | 167.00 | OK | |
r-oldrel-macos-arm64 | 0.0-5 | 50.00 | NOTE | |||
r-oldrel-macos-x86_64 | 0.0-5 | 106.00 | OK | |||
r-oldrel-windows-x86_64 | 0.0-5 | 15.00 | 150.00 | 165.00 | OK |
Version: 0.0-5
Check: dependencies in R code
Result: NOTE
Namespace in Imports field not imported from: ‘pkgKitten’
All declared Imports should be used.
Flavors: r-devel-linux-x86_64-fedora-clang, r-devel-linux-x86_64-fedora-gcc, r-oldrel-macos-arm64