CRAN Package Check Results for Package forestly

Last updated on 2024-02-26 08:48:45 CET.

Flavor Version Tinstall Tcheck Ttotal Status Flags
r-devel-linux-x86_64-debian-clang 0.1.0 3.86 1871.82 1875.68 ERROR
r-devel-linux-x86_64-debian-gcc 0.1.0 2.55 108.30 110.85 OK
r-devel-linux-x86_64-fedora-clang 0.1.0 179.39 OK
r-devel-linux-x86_64-fedora-gcc 0.1.0 198.28 OK
r-devel-windows-x86_64 0.1.0 5.00 118.00 123.00 OK
r-patched-linux-x86_64 0.1.0 2.72 143.58 146.30 OK
r-release-linux-x86_64 0.1.0 2.30 144.95 147.25 OK
r-release-macos-arm64 0.1.0 49.00 OK
r-release-macos-x86_64 0.1.0 140.00 OK
r-release-windows-x86_64 0.1.0 7.00 151.00 158.00 OK
r-oldrel-macos-arm64 0.1.0 59.00 OK
r-oldrel-windows-x86_64 0.1.0 6.00 150.00 156.00 OK

Check Details

Version: 0.1.0
Check: tests
Result: ERROR Running ‘testthat.R’ [31m/41m] Running the tests in ‘tests/testthat.R’ failed. Complete output: > library(testthat) > library(forestly) > > test_check("forestly") [ FAIL 0 | WARN 0 | SKIP 1 | PASS 33 ] ══ Skipped tests (1) ═══════════════════════════════════════════════════════════ • On CRAN (1): 'test-sparkline_point_js.R:3:3' [ FAIL 0 | WARN 0 | SKIP 1 | PASS 33 ] > > proc.time() user system elapsed 104.255 0.761 127.583 Assertion failure at kmp_runtime.cpp(6891): temp_reg_status_file_name. OMP: Error #13: Assertion failure at kmp_runtime.cpp(6891). OMP: Hint Please submit a bug report with this message, compile and run commands used, and machine configuration info including native compiler and operating system versions. Faster response will be obtained by including all program sources. For information on submitting this issue, please see https://github.com/llvm/llvm-project/issues/. Assertion failure at kmp_runtime.cpp(6891): temp_reg_status_file_name. OMP: Error #13: Assertion failure at kmp_runtime.cpp(6891). OMP: Hint Please submit a bug report with this message, compile and run commands used, and machine configuration info including native compiler and operating system versions. Faster response will be obtained by including all program sources. For information on submitting this issue, please see https://github.com/llvm/llvm-project/issues/. Killed Flavor: r-devel-linux-x86_64-debian-clang