Last updated on 2023-11-28 16:48:19 CET.
Flavor | Version | Tinstall | Tcheck | Ttotal | Status | Flags |
---|---|---|---|---|---|---|
r-devel-linux-x86_64-debian-clang | 1.1.1 | 6.45 | 94.93 | 101.38 | NOTE | |
r-devel-linux-x86_64-debian-gcc | 1.1.1 | 4.81 | 70.12 | 74.93 | NOTE | |
r-devel-linux-x86_64-fedora-clang | 1.1.1 | 123.53 | OK | |||
r-devel-linux-x86_64-fedora-gcc | 1.1.1 | 129.11 | OK | |||
r-devel-windows-x86_64 | 1.1.1 | 6.00 | 88.00 | 94.00 | OK | |
r-patched-linux-x86_64 | 1.1.1 | 6.65 | 88.34 | 94.99 | OK | |
r-release-linux-x86_64 | 1.1.1 | 5.94 | 89.43 | 95.37 | OK | |
r-release-macos-arm64 | 1.1.1 | 42.00 | OK | |||
r-release-macos-x86_64 | 1.1.1 | 127.00 | OK | |||
r-release-windows-x86_64 | 1.1.1 | 7.00 | 101.00 | 108.00 | OK | |
r-oldrel-macos-arm64 | 1.1.1 | 48.00 | OK | |||
r-oldrel-macos-x86_64 | 1.1.1 | 68.00 | OK | |||
r-oldrel-windows-x86_64 | 1.1.1 | 7.00 | 98.00 | 105.00 | OK |
Version: 1.1.1
Check: Rd files
Result: NOTE
checkRd: (-1) forest_theme.Rd:161: Lost braces in \itemize; meant \describe ?
checkRd: (-1) forest_theme.Rd:162: Lost braces in \itemize; meant \describe ?
checkRd: (-1) forest_theme.Rd:163: Lost braces in \itemize; meant \describe ?
checkRd: (-1) forest_theme.Rd:164: Lost braces in \itemize; meant \describe ?
checkRd: (-1) forest_theme.Rd:165: Lost braces in \itemize; meant \describe ?
checkRd: (-1) forest_theme.Rd:166: Lost braces in \itemize; meant \describe ?
checkRd: (-1) forest_theme.Rd:167: Lost braces in \itemize; meant \describe ?
checkRd: (-1) forest_theme.Rd:168: Lost braces in \itemize; meant \describe ?
checkRd: (-1) forest_theme.Rd:169: Lost braces in \itemize; meant \describe ?
Flavors: r-devel-linux-x86_64-debian-clang, r-devel-linux-x86_64-debian-gcc