CRAN Package Check Results for Package forge

Last updated on 2024-02-29 08:48:53 CET.

Flavor Version Tinstall Tcheck Ttotal Status Flags
r-devel-linux-x86_64-debian-clang 0.2.0 2.74 33.19 35.93 NOTE
r-devel-linux-x86_64-debian-gcc 0.2.0 2.13 25.57 27.70 NOTE
r-devel-linux-x86_64-fedora-clang 0.2.0 44.31 NOTE
r-devel-linux-x86_64-fedora-gcc 0.2.0 43.51 NOTE
r-devel-windows-x86_64 0.2.0 4.00 45.00 49.00 NOTE
r-patched-linux-x86_64 0.2.0 2.13 32.41 34.54 NOTE
r-release-linux-x86_64 0.2.0 3.04 31.79 34.83 NOTE
r-release-macos-arm64 0.2.0 19.00 NOTE
r-release-macos-x86_64 0.2.0 24.00 NOTE
r-release-windows-x86_64 0.2.0 4.00 48.00 52.00 NOTE
r-oldrel-macos-arm64 0.2.0 22.00 NOTE
r-oldrel-windows-x86_64 0.2.0 6.00 51.00 57.00 NOTE

Check Details

Version: 0.2.0
Check: LazyData
Result: NOTE 'LazyData' is specified without a 'data' directory Flavors: r-devel-linux-x86_64-debian-clang, r-devel-linux-x86_64-debian-gcc, r-devel-linux-x86_64-fedora-clang, r-devel-linux-x86_64-fedora-gcc, r-devel-windows-x86_64, r-patched-linux-x86_64, r-release-linux-x86_64, r-release-macos-arm64, r-release-macos-x86_64, r-release-windows-x86_64, r-oldrel-macos-arm64, r-oldrel-windows-x86_64