Last updated on 2024-04-26 08:54:57 CEST.
Flavor | Version | Tinstall | Tcheck | Ttotal | Status | Flags |
---|---|---|---|---|---|---|
r-devel-linux-x86_64-debian-clang | 0.5.0 | 2.41 | 23.68 | 26.09 | NOTE | |
r-devel-linux-x86_64-debian-gcc | 0.5.0 | 1.81 | 18.89 | 20.70 | NOTE | |
r-devel-linux-x86_64-fedora-clang | 0.5.0 | 32.76 | NOTE | |||
r-devel-linux-x86_64-fedora-gcc | 0.5.0 | 31.15 | NOTE | |||
r-devel-windows-x86_64 | 0.5.0 | 2.00 | 40.00 | 42.00 | NOTE | |
r-patched-linux-x86_64 | 0.5.0 | 1.47 | 23.38 | 24.85 | NOTE | |
r-release-linux-x86_64 | 0.5.0 | 2.11 | 22.88 | 24.99 | NOTE | |
r-release-macos-arm64 | 0.5.0 | 15.00 | NOTE | |||
r-release-windows-x86_64 | 0.5.0 | 3.00 | 41.00 | 44.00 | NOTE | |
r-oldrel-macos-arm64 | 0.5.0 | 17.00 | NOTE | |||
r-oldrel-macos-x86_64 | 0.5.0 | 20.00 | NOTE | |||
r-oldrel-windows-x86_64 | 0.5.0 | 3.00 | 41.00 | 44.00 | NOTE |
Version: 0.5.0
Check: LazyData
Result: NOTE
'LazyData' is specified without a 'data' directory
Flavors: r-devel-linux-x86_64-debian-clang, r-devel-linux-x86_64-debian-gcc, r-devel-linux-x86_64-fedora-clang, r-devel-linux-x86_64-fedora-gcc, r-devel-windows-x86_64, r-patched-linux-x86_64, r-release-linux-x86_64, r-release-macos-arm64, r-release-windows-x86_64, r-oldrel-macos-arm64, r-oldrel-macos-x86_64, r-oldrel-windows-x86_64