Last updated on 2023-05-28 22:00:10 CEST.
Flavor | Version | Tinstall | Tcheck | Ttotal | Status | Flags |
---|---|---|---|---|---|---|
r-devel-linux-x86_64-debian-clang | 1.0.3 | 20.65 | 522.85 | 543.50 | OK | |
r-devel-linux-x86_64-debian-gcc | 1.0.3 | 16.02 | 404.95 | 420.97 | OK | |
r-devel-linux-x86_64-fedora-clang | 1.0.3 | 611.60 | NOTE | |||
r-devel-linux-x86_64-fedora-gcc | 1.0.3 | 595.52 | NOTE | |||
r-devel-windows-x86_64 | 1.0.3 | 17.00 | 374.00 | 391.00 | OK | |
r-patched-linux-x86_64 | 1.0.3 | 18.10 | 478.73 | 496.83 | OK | |
r-release-linux-x86_64 | 1.0.3 | 19.44 | 476.11 | 495.55 | OK | |
r-release-macos-arm64 | 1.0.3 | 188.00 | OK | |||
r-release-macos-x86_64 | 1.0.3 | 322.00 | OK | |||
r-release-windows-x86_64 | 1.0.3 | 23.00 | 461.00 | 484.00 | OK | |
r-oldrel-macos-arm64 | 1.0.3 | 164.00 | NOTE | |||
r-oldrel-macos-x86_64 | 1.0.3 | 235.00 | NOTE | |||
r-oldrel-windows-x86_64 | 1.0.3 | 23.00 | 493.00 | 516.00 | OK |
Version: 1.0.3
Check: data for non-ASCII characters
Result: NOTE
Note: found 31 marked UTF-8 strings
Flavors: r-devel-linux-x86_64-fedora-clang, r-devel-linux-x86_64-fedora-gcc, r-oldrel-macos-arm64, r-oldrel-macos-x86_64