Last updated on 2023-05-22 17:01:21 CEST.
Flavor | Version | Tinstall | Tcheck | Ttotal | Status | Flags |
---|---|---|---|---|---|---|
r-devel-linux-x86_64-debian-clang | 0.3.0 | 8.11 | 106.64 | 114.75 | OK | |
r-devel-linux-x86_64-debian-gcc | 0.3.0 | 6.38 | 80.57 | 86.95 | OK | |
r-devel-linux-x86_64-fedora-clang | 0.3.0 | 129.54 | NOTE | |||
r-devel-linux-x86_64-fedora-gcc | 0.3.0 | 139.02 | NOTE | |||
r-devel-windows-x86_64 | 0.3.0 | 12.00 | 254.00 | 266.00 | OK | |
r-patched-linux-x86_64 | 0.3.0 | 6.32 | 101.23 | 107.55 | OK | |
r-release-linux-x86_64 | 0.3.0 | 6.51 | 100.94 | 107.45 | OK | |
r-release-macos-arm64 | 0.3.0 | 163.00 | OK | |||
r-release-macos-x86_64 | 0.3.0 | 188.00 | OK | |||
r-release-windows-x86_64 | 0.3.0 | 12.00 | 242.00 | 254.00 | OK | |
r-oldrel-macos-arm64 | 0.3.0 | 157.00 | OK | |||
r-oldrel-macos-x86_64 | 0.3.0 | 189.00 | OK | |||
r-oldrel-windows-x86_64 | 0.3.0 | 13.00 | 261.00 | 274.00 | OK |
Version: 0.3.0
Check: data for non-ASCII characters
Result: NOTE
Note: found 1 marked UTF-8 string
Flavors: r-devel-linux-x86_64-fedora-clang, r-devel-linux-x86_64-fedora-gcc