Last updated on 2024-04-26 08:54:57 CEST.
Flavor | Version | Tinstall | Tcheck | Ttotal | Status | Flags |
---|---|---|---|---|---|---|
r-devel-linux-x86_64-debian-clang | 0.1.3 | 18.58 | 42.74 | 61.32 | NOTE | |
r-devel-linux-x86_64-debian-gcc | 0.1.3 | 14.54 | 33.42 | 47.96 | NOTE | |
r-devel-linux-x86_64-fedora-clang | 0.1.3 | 88.19 | NOTE | |||
r-devel-linux-x86_64-fedora-gcc | 0.1.3 | 97.50 | NOTE | |||
r-devel-windows-x86_64 | 0.1.3 | 17.00 | 72.00 | 89.00 | NOTE | |
r-patched-linux-x86_64 | 0.1.3 | 19.46 | 40.90 | 60.36 | NOTE | |
r-release-linux-x86_64 | 0.1.3 | 18.33 | 39.55 | 57.88 | NOTE | |
r-release-macos-arm64 | 0.1.3 | 32.00 | NOTE | |||
r-release-windows-x86_64 | 0.1.3 | 17.00 | 71.00 | 88.00 | NOTE | |
r-oldrel-macos-arm64 | 0.1.3 | 34.00 | NOTE | |||
r-oldrel-macos-x86_64 | 0.1.3 | 52.00 | NOTE | |||
r-oldrel-windows-x86_64 | 0.1.3 | 17.00 | 81.00 | 98.00 | NOTE |
Version: 0.1.3
Check: LazyData
Result: NOTE
'LazyData' is specified without a 'data' directory
Flavors: r-devel-linux-x86_64-debian-clang, r-devel-linux-x86_64-debian-gcc, r-devel-linux-x86_64-fedora-clang, r-devel-linux-x86_64-fedora-gcc, r-devel-windows-x86_64, r-patched-linux-x86_64, r-release-linux-x86_64, r-release-macos-arm64, r-release-windows-x86_64, r-oldrel-macos-arm64, r-oldrel-macos-x86_64, r-oldrel-windows-x86_64
Version: 0.1.3
Check: compiled code
Result: NOTE
File ‘fractional/libs/fractional.so’:
Found no calls to: ‘R_registerRoutines’, ‘R_useDynamicSymbols’
It is good practice to register native routines and to disable symbol
search.
See ‘Writing portable packages’ in the ‘Writing R Extensions’ manual.
Flavors: r-devel-linux-x86_64-fedora-clang, r-devel-linux-x86_64-fedora-gcc