Last updated on 2023-06-09 16:56:55 CEST.
Flavor | Version | Tinstall | Tcheck | Ttotal | Status | Flags |
---|---|---|---|---|---|---|
r-devel-linux-x86_64-debian-clang | 1.0.1 | 38.76 | 147.19 | 185.95 | NOTE | |
r-devel-linux-x86_64-debian-gcc | 1.0.1 | 29.85 | 110.51 | 140.36 | NOTE | |
r-devel-linux-x86_64-fedora-clang | 1.0.1 | 245.51 | NOTE | |||
r-devel-linux-x86_64-fedora-gcc | 1.0.1 | 241.98 | NOTE | |||
r-devel-windows-x86_64 | 1.0.1 | 31.00 | 165.00 | 196.00 | NOTE | |
r-patched-linux-x86_64 | 1.0.1 | 33.09 | 138.63 | 171.72 | NOTE | |
r-release-linux-x86_64 | 1.0.1 | 35.19 | 140.33 | 175.52 | NOTE | |
r-release-macos-arm64 | 1.0.1 | 78.00 | NOTE | |||
r-release-macos-x86_64 | 1.0.1 | 122.00 | NOTE | |||
r-release-windows-x86_64 | 1.0.1 | 41.00 | 185.00 | 226.00 | NOTE | |
r-oldrel-macos-arm64 | 1.0.1 | 65.00 | NOTE | |||
r-oldrel-macos-x86_64 | 1.0.1 | 124.00 | NOTE | |||
r-oldrel-windows-x86_64 | 1.0.1 | 41.00 | 180.00 | 221.00 | NOTE |
Version: 1.0.1
Check: LazyData
Result: NOTE
'LazyData' is specified without a 'data' directory
Flavors: r-devel-linux-x86_64-debian-clang, r-devel-linux-x86_64-debian-gcc, r-devel-linux-x86_64-fedora-clang, r-devel-linux-x86_64-fedora-gcc, r-devel-windows-x86_64, r-patched-linux-x86_64, r-release-linux-x86_64, r-release-macos-arm64, r-release-macos-x86_64, r-release-windows-x86_64, r-oldrel-macos-arm64, r-oldrel-macos-x86_64, r-oldrel-windows-x86_64