CRAN Package Check Results for Package frailtypack

Last updated on 2021-09-22 13:06:59 CEST.

Flavor Version Tinstall Tcheck Ttotal Status Flags
r-devel-linux-x86_64-debian-clang 3.4.0 221.09 288.35 509.44 OK
r-devel-linux-x86_64-debian-gcc 3.4.0 199.74 210.33 410.07 OK
r-devel-linux-x86_64-fedora-clang 3.4.0 689.85 NOTE
r-devel-linux-x86_64-fedora-gcc 3.4.0 677.26 OK
r-devel-windows-x86_64 3.4.0 255.00 225.00 480.00 NOTE
r-devel-windows-x86_64-gcc10-UCRT 3.4.0 ERROR
r-patched-linux-x86_64 3.4.0 222.61 269.88 492.49 OK
r-patched-solaris-x86 3.4.0 1275.50 NOTE
r-release-linux-x86_64 3.4.0 220.95 273.45 494.40 OK
r-release-macos-arm64 3.4.0 NOTE
r-release-macos-x86_64 3.4.0 NOTE
r-release-windows-ix86+x86_64 3.4.0 585.00 286.00 871.00 NOTE
r-oldrel-macos-x86_64 3.4.0 NOTE
r-oldrel-windows-ix86+x86_64 3.4.0 424.00 288.00 712.00 NOTE

Check Details

Version: 3.4.0
Check: installed package size
Result: NOTE
     installed size is 12.5Mb
     sub-directories of 1Mb or more:
     R 1.2Mb
     help 2.2Mb
     libs 7.4Mb
Flavors: r-devel-linux-x86_64-fedora-clang, r-devel-windows-x86_64, r-patched-solaris-x86, r-release-macos-arm64, r-release-macos-x86_64, r-release-windows-ix86+x86_64, r-oldrel-macos-x86_64, r-oldrel-windows-ix86+x86_64

Version: 3.4.0
Check: whether package can be installed
Result: ERROR
    Installation failed.
Flavor: r-devel-windows-x86_64-gcc10-UCRT