Last updated on 2023-09-24 00:56:42 CEST.
Flavor | Version | Tinstall | Tcheck | Ttotal | Status | Flags |
---|---|---|---|---|---|---|
r-devel-linux-x86_64-debian-clang | 0.1.17 | 11.66 | 177.81 | 189.47 | NOTE | |
r-devel-linux-x86_64-debian-gcc | 0.1.17 | 9.73 | 142.38 | 152.11 | NOTE | |
r-devel-linux-x86_64-fedora-clang | 0.1.17 | 245.55 | NOTE | |||
r-devel-linux-x86_64-fedora-gcc | 0.1.17 | 242.85 | NOTE | |||
r-devel-windows-x86_64 | 0.1.17 | 16.00 | 172.00 | 188.00 | NOTE | |
r-patched-linux-x86_64 | 0.1.17 | 17.86 | 172.88 | 190.74 | OK | |
r-release-linux-x86_64 | 0.1.17 | 12.79 | 175.59 | 188.38 | OK | |
r-release-macos-arm64 | 0.1.17 | 76.00 | OK | |||
r-release-macos-x86_64 | 0.1.17 | 134.00 | OK | |||
r-release-windows-x86_64 | 0.1.17 | 19.00 | 208.00 | 227.00 | OK | |
r-oldrel-macos-arm64 | 0.1.17 | 57.00 | OK | |||
r-oldrel-macos-x86_64 | 0.1.17 | 91.00 | OK | |||
r-oldrel-windows-x86_64 | 0.1.17 | 18.00 | 168.00 | 186.00 | OK |
Version: 0.1.17
Check: Rd \usage sections
Result: NOTE
Documented arguments not in \usage in documentation object 'assert.surface':
‘surf’
Documented arguments not in \usage in documentation object 'check.dtype.for.data':
‘silent’
Documented arguments not in \usage in documentation object 'fread3':
‘filehandle:’
Documented arguments not in \usage in documentation object 'fwrite3':
‘filehandle:’ ‘data:’
Documented arguments not in \usage in documentation object 'polygon.soup.to.indexed.mesh':
‘face_vertex_coords’
Functions with \usage entries need to have the appropriate \alias
entries, and all their arguments documented.
The \usage entries must correspond to syntactically valid R code.
See chapter ‘Writing R documentation files’ in the ‘Writing R
Extensions’ manual.
Flavors: r-devel-linux-x86_64-debian-clang, r-devel-linux-x86_64-debian-gcc, r-devel-linux-x86_64-fedora-clang, r-devel-linux-x86_64-fedora-gcc, r-devel-windows-x86_64