Last updated on 2024-04-27 16:57:20 CEST.
Flavor | Version | Tinstall | Tcheck | Ttotal | Status | Flags |
---|---|---|---|---|---|---|
r-devel-linux-x86_64-debian-clang | 0.1 | 1.31 | 19.09 | 20.40 | NOTE | |
r-devel-linux-x86_64-debian-gcc | 0.1 | 1.40 | 15.22 | 16.62 | NOTE | |
r-devel-linux-x86_64-fedora-clang | 0.1 | 26.71 | NOTE | |||
r-devel-linux-x86_64-fedora-gcc | 0.1 | 25.24 | NOTE | |||
r-devel-windows-x86_64 | 0.1 | 3.00 | 33.00 | 36.00 | NOTE | |
r-patched-linux-x86_64 | 0.1 | 1.46 | 19.05 | 20.51 | NOTE | |
r-release-linux-x86_64 | 0.1 | 1.80 | 18.39 | 20.19 | NOTE | |
r-release-macos-arm64 | 0.1 | 13.00 | NOTE | |||
r-release-windows-x86_64 | 0.1 | 3.00 | 33.00 | 36.00 | NOTE | |
r-oldrel-macos-arm64 | 0.1 | 14.00 | NOTE | |||
r-oldrel-macos-x86_64 | 0.1 | 16.00 | NOTE | |||
r-oldrel-windows-x86_64 | 0.1 | 4.00 | 33.00 | 37.00 | NOTE |
Version: 0.1
Check: LazyData
Result: NOTE
'LazyData' is specified without a 'data' directory
Flavors: r-devel-linux-x86_64-debian-clang, r-devel-linux-x86_64-debian-gcc, r-devel-linux-x86_64-fedora-clang, r-devel-linux-x86_64-fedora-gcc, r-devel-windows-x86_64, r-patched-linux-x86_64, r-release-linux-x86_64, r-release-macos-arm64, r-release-windows-x86_64, r-oldrel-macos-arm64, r-oldrel-macos-x86_64, r-oldrel-windows-x86_64