Last updated on 2024-03-28 23:55:07 CET.
Flavor | Version | Tinstall | Tcheck | Ttotal | Status | Flags |
---|---|---|---|---|---|---|
r-devel-linux-x86_64-debian-clang | 2.0.3 | 3.85 | 39.60 | 43.45 | NOTE | |
r-devel-linux-x86_64-debian-gcc | 2.0.3 | 2.38 | 30.67 | 33.05 | NOTE | |
r-devel-linux-x86_64-fedora-clang | 2.0.3 | 52.56 | NOTE | |||
r-devel-linux-x86_64-fedora-gcc | 2.0.3 | 53.81 | NOTE | |||
r-devel-windows-x86_64 | 2.0.3 | 5.00 | 54.00 | 59.00 | NOTE | |
r-patched-linux-x86_64 | 2.0.3 | 3.53 | 37.74 | 41.27 | NOTE | |
r-release-linux-x86_64 | 2.0.3 | 2.91 | 38.98 | 41.89 | OK | |
r-release-macos-arm64 | 2.0.3 | 22.00 | OK | |||
r-release-macos-x86_64 | 2.0.3 | 30.00 | NOTE | |||
r-release-windows-x86_64 | 2.0.3 | 4.00 | 57.00 | 61.00 | OK | |
r-oldrel-macos-arm64 | 2.0.3 | 23.00 | OK | |||
r-oldrel-windows-x86_64 | 2.0.3 | 5.00 | 56.00 | 61.00 | OK |
Version: 2.0.3
Check: Rd \usage sections
Result: NOTE
Documented arguments not in \usage in Rd file 'freqdom.transpose.Rd':
‘S’
Functions with \usage entries need to have the appropriate \alias
entries, and all their arguments documented.
The \usage entries must correspond to syntactically valid R code.
See chapter ‘Writing R documentation files’ in the ‘Writing R
Extensions’ manual.
Flavors: r-devel-linux-x86_64-debian-clang, r-devel-linux-x86_64-debian-gcc, r-devel-linux-x86_64-fedora-clang, r-devel-linux-x86_64-fedora-gcc, r-devel-windows-x86_64, r-patched-linux-x86_64
Version: 2.0.3
Check: package dependencies
Result: NOTE
Packages suggested but not available for checking: 'fda', 'MARSS'
Flavor: r-release-macos-x86_64