CRAN Package Check Results for Package freqtables

Last updated on 2021-10-22 00:50:26 CEST.

Flavor Version Tinstall Tcheck Ttotal Status Flags
r-devel-linux-x86_64-debian-clang 0.1.0 4.06 51.91 55.97 NOTE
r-devel-linux-x86_64-debian-gcc 0.1.0 3.32 39.44 42.76 NOTE
r-devel-linux-x86_64-fedora-clang 0.1.0 76.33 NOTE
r-devel-linux-x86_64-fedora-gcc 0.1.0 65.20 NOTE
r-devel-windows-x86_64 0.1.0 8.00 75.00 83.00 NOTE
r-devel-windows-x86_64-gcc10-UCRT 0.1.0 NOTE
r-patched-linux-x86_64 0.1.0 3.48 50.20 53.68 NOTE
r-patched-solaris-x86 0.1.0 91.00 NOTE
r-release-linux-x86_64 0.1.0 4.08 50.11 54.19 NOTE
r-release-macos-arm64 0.1.0 NOTE
r-release-macos-x86_64 0.1.0 NOTE
r-release-windows-ix86+x86_64 0.1.0 11.00 74.00 85.00 NOTE
r-oldrel-macos-x86_64 0.1.0 OK
r-oldrel-windows-ix86+x86_64 0.1.0 12.00 72.00 84.00 OK

Check Details

Version: 0.1.0
Check: LazyData
Result: NOTE
     'LazyData' is specified without a 'data' directory
Flavors: r-devel-linux-x86_64-debian-clang, r-devel-linux-x86_64-debian-gcc, r-devel-linux-x86_64-fedora-clang, r-devel-linux-x86_64-fedora-gcc, r-devel-windows-x86_64, r-devel-windows-x86_64-gcc10-UCRT, r-patched-linux-x86_64, r-patched-solaris-x86, r-release-linux-x86_64, r-release-macos-arm64, r-release-macos-x86_64, r-release-windows-ix86+x86_64