CRAN Package Check Results for Package friends

Last updated on 2021-10-27 00:51:04 CEST.

Flavor Version Tinstall Tcheck Ttotal Status Flags
r-devel-linux-x86_64-debian-clang 0.1.0 4.78 30.07 34.85 OK
r-devel-linux-x86_64-debian-gcc 0.1.0 3.56 23.68 27.24 OK
r-devel-linux-x86_64-fedora-clang 0.1.0 52.01 NOTE
r-devel-linux-x86_64-fedora-gcc 0.1.0 41.27 NOTE
r-devel-windows-x86_64 0.1.0 7.00 49.00 56.00 OK
r-devel-windows-x86_64-gcc10-UCRT 0.1.0 NOTE
r-patched-linux-x86_64 0.1.0 4.24 29.05 33.29 OK
r-patched-solaris-x86 0.1.0 62.70 NOTE
r-release-linux-x86_64 0.1.0 4.73 28.97 33.70 OK
r-release-macos-arm64 0.1.0 NOTE
r-release-macos-x86_64 0.1.0 NOTE
r-release-windows-ix86+x86_64 0.1.0 7.00 45.00 52.00 OK
r-oldrel-macos-x86_64 0.1.0 NOTE
r-oldrel-windows-ix86+x86_64 0.1.0 10.00 48.00 58.00 OK

Check Details

Version: 0.1.0
Check: data for non-ASCII characters
Result: NOTE
     Note: found 50 marked UTF-8 strings
Flavors: r-devel-linux-x86_64-fedora-clang, r-devel-linux-x86_64-fedora-gcc, r-devel-windows-x86_64-gcc10-UCRT, r-patched-solaris-x86, r-release-macos-arm64, r-release-macos-x86_64, r-oldrel-macos-x86_64