Last updated on 2024-04-23 16:58:15 CEST.
Flavor | Version | Tinstall | Tcheck | Ttotal | Status | Flags |
---|---|---|---|---|---|---|
r-devel-linux-x86_64-debian-clang | 0.2.0 | 6.13 | 43.46 | 49.59 | NOTE | |
r-devel-linux-x86_64-debian-gcc | 0.2.0 | 3.92 | 32.82 | 36.74 | NOTE | |
r-devel-linux-x86_64-fedora-clang | 0.2.0 | 61.89 | NOTE | |||
r-devel-linux-x86_64-fedora-gcc | 0.2.0 | 57.14 | NOTE | |||
r-prerel-macos-arm64 | 0.2.0 | 21.00 | NOTE | |||
r-prerel-windows-x86_64 | 0.2.0 | 7.00 | 52.00 | 59.00 | NOTE | |
r-patched-linux-x86_64 | 0.2.0 | 5.32 | 40.99 | 46.31 | NOTE | |
r-release-linux-x86_64 | 0.2.0 | 3.54 | 42.04 | 45.58 | NOTE | |
r-release-macos-arm64 | 0.2.0 | 21.00 | NOTE | |||
r-release-macos-x86_64 | 0.2.0 | 30.00 | NOTE | |||
r-release-windows-x86_64 | 0.2.0 | 8.00 | 58.00 | 66.00 | NOTE | |
r-oldrel-macos-arm64 | 0.2.0 | 18.00 | NOTE | |||
r-oldrel-windows-x86_64 | 0.2.0 | 7.00 | 60.00 | 67.00 | NOTE |
Version: 0.2.0
Check: LazyData
Result: NOTE
'LazyData' is specified without a 'data' directory
Flavors: r-devel-linux-x86_64-debian-clang, r-devel-linux-x86_64-debian-gcc, r-devel-linux-x86_64-fedora-clang, r-devel-linux-x86_64-fedora-gcc, r-prerel-macos-arm64, r-prerel-windows-x86_64, r-patched-linux-x86_64, r-release-linux-x86_64, r-release-macos-arm64, r-release-macos-x86_64, r-release-windows-x86_64, r-oldrel-macos-arm64, r-oldrel-windows-x86_64