CRAN Package Check Results for Package fsMTS

Last updated on 2023-12-10 08:48:24 CET.

Flavor Version Tinstall Tcheck Ttotal Status Flags
r-devel-linux-x86_64-debian-clang 0.1.7 3.48 95.78 99.26 ERROR
r-devel-linux-x86_64-debian-gcc 0.1.7 2.40 72.39 74.79 NOTE
r-devel-linux-x86_64-fedora-clang 0.1.7 126.76 OK
r-devel-linux-x86_64-fedora-gcc 0.1.7 132.82 OK
r-devel-windows-x86_64 0.1.7 4.00 82.00 86.00 OK
r-patched-linux-x86_64 0.1.7 3.12 95.99 99.11 OK
r-release-linux-x86_64 0.1.7 2.19 95.86 98.05 OK
r-release-macos-arm64 0.1.7 83.00 OK
r-release-macos-x86_64 0.1.7 75.00 OK
r-release-windows-x86_64 0.1.7 6.00 98.00 104.00 OK
r-oldrel-macos-arm64 0.1.7 56.00 OK
r-oldrel-macos-x86_64 0.1.7 71.00 OK
r-oldrel-windows-x86_64 0.1.7 5.00 98.00 103.00 OK

Check Details

Version: 0.1.7
Check: Rd files
Result: NOTE checkRd: (-1) fsEnsemble.Rd:17-22: Lost braces in \itemize; meant \describe ? checkRd: (-1) fsEnsemble.Rd:23-25: Lost braces in \itemize; meant \describe ? checkRd: (-1) fsMTS.Rd:25-34: Lost braces in \itemize; meant \describe ? checkRd: (-1) fsMTS.Rd:27: Lost braces 27 | \item{\strong{"distance"}}{ - distance-based feature selection. | ^ checkRd: (-1) fsMTS.Rd:27-31: Lost braces 27 | \item{\strong{"distance"}}{ - distance-based feature selection. | ^ checkRd: (-1) fsMTS.Rd:32: Lost braces 32 | \item{\strong{"CCF"}}{ - cross-correlation-based. The method returns values of Pearson's correlation coefficient between every MTS component | ^ checkRd: (-1) fsMTS.Rd:32-33: Lost braces 32 | \item{\strong{"CCF"}}{ - cross-correlation-based. The method returns values of Pearson's correlation coefficient between every MTS component | ^ checkRd: (-1) fsMTS.Rd:35-38: Lost braces in \itemize; meant \describe ? checkRd: (-1) fsMTS.Rd:39-43: Lost braces in \itemize; meant \describe ? checkRd: (-1) fsMTS.Rd:44-47: Lost braces in \itemize; meant \describe ? checkRd: (-1) fsMTS.Rd:48-52: Lost braces in \itemize; meant \describe ? checkRd: (-1) fsMTS.Rd:53-54: Lost braces in \itemize; meant \describe ? checkRd: (-1) fsMTS.Rd:70-72: Lost braces in \itemize; meant \describe ? checkRd: (-1) fsMTS.Rd:73-75: Lost braces in \itemize; meant \describe ? checkRd: (-1) fsMTS.Rd:76-78: Lost braces in \itemize; meant \describe ? checkRd: (-1) fsSimilarity.Rd:28: Lost braces in \itemize; meant \describe ? checkRd: (-1) fsSimilarity.Rd:29: Lost braces in \itemize; meant \describe ? checkRd: (-1) fsSimilarity.Rd:30: Lost braces in \itemize; meant \describe ? Flavors: r-devel-linux-x86_64-debian-clang, r-devel-linux-x86_64-debian-gcc

Version: 0.1.7
Check: re-building of vignette outputs
Result: ERROR Error(s) in re-building vignettes: ... --- re-building ‘simulated.Rmd’ using rmarkdown free(): invalid next size (normal) Aborted --- re-building ‘traffic.Rmd’ using rmarkdown --- finished re-building ‘traffic.Rmd’ SUMMARY: processing the following file failed: ‘simulated.Rmd’ Error: Vignette re-building failed. Execution halted Flavor: r-devel-linux-x86_64-debian-clang