Last updated on 2024-04-18 08:54:30 CEST.
Flavor | Version | Tinstall | Tcheck | Ttotal | Status | Flags |
---|---|---|---|---|---|---|
r-devel-linux-x86_64-debian-clang | 0.9.4.4 | 18.49 | 151.30 | 169.79 | NOTE | |
r-devel-linux-x86_64-debian-gcc | 0.9.4.4 | 14.17 | 112.16 | 126.33 | NOTE | |
r-devel-linux-x86_64-fedora-clang | 0.9.4.4 | 211.57 | NOTE | |||
r-devel-linux-x86_64-fedora-gcc | 0.9.4.4 | 215.18 | NOTE | |||
r-prerel-macos-arm64 | 0.9.4.4 | 62.00 | NOTE | |||
r-prerel-windows-x86_64 | 0.9.4.4 | 15.00 | 132.00 | 147.00 | NOTE | |
r-patched-linux-x86_64 | 0.9.4.4 | 16.85 | 143.79 | 160.64 | NOTE | |
r-release-linux-x86_64 | 0.9.4.4 | 11.38 | 142.98 | 154.36 | NOTE | |
r-release-macos-arm64 | 0.9.4.4 | 73.00 | NOTE | |||
r-release-macos-x86_64 | 0.9.4.4 | 122.00 | NOTE | |||
r-release-windows-x86_64 | 0.9.4.4 | 20.00 | 153.00 | 173.00 | NOTE | |
r-oldrel-macos-arm64 | 0.9.4.4 | 61.00 | NOTE | |||
r-oldrel-windows-x86_64 | 0.9.4.4 | 20.00 | 157.00 | 177.00 | NOTE |
Version: 0.9.4.4
Check: package dependencies
Result: NOTE
Packages suggested but not available for checking:
'extraTrees', 'foba', 'nodeHarvest', 'obliqueRF', 'penalizedLDA',
'relaxo', 'rrlda'
Flavors: r-devel-linux-x86_64-debian-clang, r-devel-linux-x86_64-debian-gcc, r-devel-linux-x86_64-fedora-clang, r-devel-linux-x86_64-fedora-gcc, r-patched-linux-x86_64, r-release-linux-x86_64
Version: 0.9.4.4
Check: package dependencies
Result: NOTE
Packages suggested but not available for checking:
'extraTrees', 'foba', 'nodeHarvest', 'obliqueRF', 'relaxo', 'rrlda'
Flavors: r-prerel-macos-arm64, r-prerel-windows-x86_64, r-release-macos-arm64, r-release-macos-x86_64, r-release-windows-x86_64, r-oldrel-windows-x86_64
Version: 0.9.4.4
Check: package dependencies
Result: NOTE
Packages suggested but not available for checking: 'foba', 'rrlda'
Flavor: r-oldrel-macos-arm64