Last updated on 2024-04-23 08:57:57 CEST.
Flavor | Version | Tinstall | Tcheck | Ttotal | Status | Flags |
---|---|---|---|---|---|---|
r-devel-linux-x86_64-debian-clang | 2.25.2 | 11.56 | 116.59 | 128.15 | NOTE | |
r-devel-linux-x86_64-debian-gcc | 2.25.2 | 9.77 | 87.40 | 97.17 | NOTE | |
r-devel-linux-x86_64-fedora-clang | 2.25.2 | 161.84 | NOTE | |||
r-devel-linux-x86_64-fedora-gcc | 2.25.2 | 167.24 | NOTE | |||
r-prerel-macos-arm64 | 2.25.2 | 58.00 | NOTE | |||
r-prerel-windows-x86_64 | 2.25.2 | 12.00 | 132.00 | 144.00 | NOTE | |
r-patched-linux-x86_64 | 2.25.2 | 14.94 | 111.17 | 126.11 | NOTE | |
r-release-linux-x86_64 | 2.25.2 | 10.34 | 112.13 | 122.47 | OK | |
r-release-macos-arm64 | 2.25.2 | 64.00 | OK | |||
r-release-macos-x86_64 | 2.25.2 | 93.00 | OK | |||
r-release-windows-x86_64 | 2.25.2 | 15.00 | 152.00 | 167.00 | OK | |
r-oldrel-macos-arm64 | 2.25.2 | 54.00 | OK | |||
r-oldrel-windows-x86_64 | 2.25.2 | 15.00 | 122.00 | 137.00 | OK |
Version: 2.25.2
Check: Rd files
Result: NOTE
checkRd: (-1) fsl_cluster.Rd:76: Lost braces in \itemize; \value handles \item{}{} directly
checkRd: (-1) fsl_cluster.Rd:77: Lost braces in \itemize; \value handles \item{}{} directly
checkRd: (-1) fsl_cluster.Rd:78: Lost braces in \itemize; \value handles \item{}{} directly
checkRd: (-1) fsl_cluster.Rd:79: Lost braces in \itemize; \value handles \item{}{} directly
checkRd: (-1) fsl_cluster.Rd:80: Lost braces in \itemize; \value handles \item{}{} directly
checkRd: (-1) fsl_cluster.Rd:81: Lost braces in \itemize; \value handles \item{}{} directly
checkRd: (-1) fsl_cluster.Rd:82: Lost braces in \itemize; \value handles \item{}{} directly
checkRd: (-1) fsl_cluster.Rd:83: Lost braces in \itemize; \value handles \item{}{} directly
checkRd: (-1) rpi_orient.Rd:26: Lost braces in \itemize; \value handles \item{}{} directly
checkRd: (-1) rpi_orient.Rd:27: Lost braces in \itemize; \value handles \item{}{} directly
checkRd: (-1) rpi_orient.Rd:28: Lost braces in \itemize; \value handles \item{}{} directly
Flavors: r-devel-linux-x86_64-debian-clang, r-devel-linux-x86_64-debian-gcc, r-devel-linux-x86_64-fedora-clang, r-devel-linux-x86_64-fedora-gcc, r-prerel-macos-arm64, r-prerel-windows-x86_64, r-patched-linux-x86_64