CRAN Package Check Results for Package ftDK

Last updated on 2023-06-02 18:52:44 CEST.

Flavor Version Tinstall Tcheck Ttotal Status Flags
r-devel-linux-x86_64-debian-clang 1.0 1.93 21.07 23.00 OK
r-devel-linux-x86_64-debian-gcc 1.0 1.73 16.64 18.37 OK
r-devel-linux-x86_64-fedora-clang 1.0 29.85 NOTE
r-devel-linux-x86_64-fedora-gcc 1.0 27.75 NOTE
r-devel-windows-x86_64 1.0 3.00 40.00 43.00 OK
r-patched-linux-x86_64 1.0 OK
r-release-linux-x86_64 1.0 1.38 20.13 21.51 OK
r-release-macos-arm64 1.0 15.00 OK
r-release-macos-x86_64 1.0 20.00 OK
r-release-windows-x86_64 1.0 3.00 39.00 42.00 OK
r-oldrel-macos-arm64 1.0 14.00 NOTE
r-oldrel-macos-x86_64 1.0 25.00 NOTE
r-oldrel-windows-x86_64 1.0 3.00 42.00 45.00 OK

Check Details

Version: 1.0
Check: data for non-ASCII characters
Result: NOTE
     Note: found 39 marked UTF-8 strings
Flavors: r-devel-linux-x86_64-fedora-clang, r-devel-linux-x86_64-fedora-gcc, r-oldrel-macos-arm64, r-oldrel-macos-x86_64