Last updated on 2024-03-28 23:55:07 CET.
Flavor | Version | Tinstall | Tcheck | Ttotal | Status | Flags |
---|---|---|---|---|---|---|
r-devel-linux-x86_64-debian-clang | 2.3 | 12.13 | 108.05 | 120.18 | NOTE | |
r-devel-linux-x86_64-debian-gcc | 2.3 | 9.08 | 80.88 | 89.96 | NOTE | |
r-devel-linux-x86_64-fedora-clang | 2.3 | 151.15 | NOTE | |||
r-devel-linux-x86_64-fedora-gcc | 2.3 | 153.31 | NOTE | |||
r-devel-windows-x86_64 | 2.3 | 12.00 | 96.00 | 108.00 | NOTE | |
r-patched-linux-x86_64 | 2.3 | 21.65 | 107.17 | 128.82 | NOTE | |
r-release-linux-x86_64 | 2.3 | 11.42 | 108.07 | 119.49 | OK | |
r-release-macos-arm64 | 2.3 | 51.00 | OK | |||
r-release-macos-x86_64 | 2.3 | 67.00 | OK | |||
r-release-windows-x86_64 | 2.3 | 16.00 | 113.00 | 129.00 | OK | |
r-oldrel-macos-arm64 | 2.3 | 48.00 | OK | |||
r-oldrel-windows-x86_64 | 2.3 | 16.00 | 123.00 | 139.00 | OK |
Version: 2.3
Check: Rd files
Result: NOTE
checkRd: (-1) plot.fd.Rd:69-71: Lost braces in \itemize; meant \describe ?
checkRd: (-1) plot.fd.Rd:72-77: Lost braces in \itemize; meant \describe ?
Flavors: r-devel-linux-x86_64-debian-clang, r-devel-linux-x86_64-debian-gcc, r-devel-linux-x86_64-fedora-clang, r-devel-linux-x86_64-fedora-gcc, r-devel-windows-x86_64, r-patched-linux-x86_64