CRAN Package Check Results for Package functional

Last updated on 2021-12-02 08:51:10 CET.

Flavor Version Tinstall Tcheck Ttotal Status Flags
r-devel-linux-x86_64-debian-clang 0.6 1.88 19.46 21.34 NOTE
r-devel-linux-x86_64-debian-gcc 0.6 1.18 15.49 16.67 NOTE
r-devel-linux-x86_64-fedora-clang 0.6 37.53 NOTE
r-devel-linux-x86_64-fedora-gcc 0.6 26.52 NOTE
r-devel-windows-x86_64-new-UL 0.6 5.00 48.00 53.00 NOTE
r-devel-windows-x86_64-new-TK 0.6 NOTE
r-devel-windows-x86_64-old 0.6 3.00 25.00 28.00 NOTE
r-patched-linux-x86_64 0.6 1.95 18.68 20.63 NOTE
r-patched-solaris-x86 0.6 40.70 NOTE
r-release-linux-x86_64 0.6 1.75 18.55 20.30 NOTE
r-release-macos-arm64 0.6 NOTE
r-release-macos-x86_64 0.6 NOTE
r-release-windows-ix86+x86_64 0.6 4.00 24.00 28.00 NOTE
r-oldrel-macos-x86_64 0.6 NOTE
r-oldrel-windows-ix86+x86_64 0.6 3.00 25.00 28.00 NOTE

Check Details

Version: 0.6
Check: DESCRIPTION meta-information
Result: NOTE
    Malformed Description field: should contain one or more complete sentences.
Flavors: r-devel-linux-x86_64-debian-clang, r-devel-linux-x86_64-debian-gcc, r-devel-linux-x86_64-fedora-clang, r-devel-linux-x86_64-fedora-gcc, r-devel-windows-x86_64-new-UL, r-devel-windows-x86_64-new-TK, r-devel-windows-x86_64-old, r-patched-linux-x86_64, r-patched-solaris-x86, r-release-linux-x86_64, r-release-macos-arm64, r-release-macos-x86_64, r-release-windows-ix86+x86_64, r-oldrel-macos-x86_64, r-oldrel-windows-ix86+x86_64