CRAN Package Check Results for Package functiondepends

Last updated on 2021-10-23 20:52:21 CEST.

Flavor Version Tinstall Tcheck Ttotal Status Flags
r-devel-linux-x86_64-debian-clang 0.2.1 1.97 31.91 33.88 NOTE
r-devel-linux-x86_64-debian-gcc 0.2.1 1.69 25.07 26.76 NOTE
r-devel-linux-x86_64-fedora-clang 0.2.1 51.93 NOTE
r-devel-linux-x86_64-fedora-gcc 0.2.1 42.15 NOTE
r-devel-windows-x86_64 0.2.1 4.00 58.00 62.00 NOTE
r-devel-windows-x86_64-gcc10-UCRT 0.2.1 NOTE
r-patched-linux-x86_64 0.2.1 2.04 30.22 32.26 NOTE
r-patched-solaris-x86 0.2.1 63.20 NOTE
r-release-linux-x86_64 0.2.1 1.73 30.68 32.41 NOTE
r-release-macos-arm64 0.2.1 NOTE
r-release-macos-x86_64 0.2.1 NOTE
r-release-windows-ix86+x86_64 0.2.1 4.00 44.00 48.00 NOTE
r-oldrel-macos-x86_64 0.2.1 OK
r-oldrel-windows-ix86+x86_64 0.2.1 5.00 49.00 54.00 OK

Check Details

Version: 0.2.1
Check: LazyData
Result: NOTE
     'LazyData' is specified without a 'data' directory
Flavors: r-devel-linux-x86_64-debian-clang, r-devel-linux-x86_64-debian-gcc, r-devel-linux-x86_64-fedora-clang, r-devel-linux-x86_64-fedora-gcc, r-devel-windows-x86_64, r-devel-windows-x86_64-gcc10-UCRT, r-patched-linux-x86_64, r-patched-solaris-x86, r-release-linux-x86_64, r-release-macos-arm64, r-release-macos-x86_64, r-release-windows-ix86+x86_64