CRAN Package Check Results for Package fungible

Last updated on 2021-12-02 12:54:44 CET.

Flavor Version Tinstall Tcheck Ttotal Status Flags
r-devel-linux-x86_64-debian-clang 1.99 15.54 152.99 168.53 OK
r-devel-linux-x86_64-debian-gcc 1.99 12.32 111.47 123.79 OK
r-devel-linux-x86_64-fedora-clang 1.99 211.26 NOTE
r-devel-linux-x86_64-fedora-gcc 1.99 197.75 NOTE
r-devel-windows-x86_64-new-UL 1.99 37.00 209.00 246.00 OK
r-devel-windows-x86_64-new-TK 1.99 NOTE
r-devel-windows-x86_64-old 1.99 25.00 146.00 171.00 OK
r-patched-linux-x86_64 1.99 23.55 144.68 168.23 OK
r-patched-solaris-x86 1.99 245.50 NOTE
r-release-linux-x86_64 1.99 14.60 146.61 161.21 OK
r-release-macos-arm64 1.99 NOTE
r-release-macos-x86_64 1.99 NOTE
r-release-windows-ix86+x86_64 1.99 28.00 183.00 211.00 OK
r-oldrel-macos-x86_64 1.99 NOTE
r-oldrel-windows-ix86+x86_64 1.99 27.00 179.00 206.00 OK

Check Details

Version: 1.99
Check: data for non-ASCII characters
Result: NOTE
     Note: found 1 marked UTF-8 string
Flavors: r-devel-linux-x86_64-fedora-clang, r-devel-linux-x86_64-fedora-gcc, r-devel-windows-x86_64-new-TK, r-patched-solaris-x86, r-release-macos-arm64, r-release-macos-x86_64, r-oldrel-macos-x86_64