Last updated on 2024-04-26 08:54:57 CEST.
Flavor | Version | Tinstall | Tcheck | Ttotal | Status | Flags |
---|---|---|---|---|---|---|
r-devel-linux-x86_64-debian-clang | 0.0.1 | 1.60 | 23.15 | 24.75 | NOTE | |
r-devel-linux-x86_64-debian-gcc | 0.0.1 | 1.62 | 17.91 | 19.53 | NOTE | |
r-devel-linux-x86_64-fedora-clang | 0.0.1 | 31.82 | NOTE | |||
r-devel-linux-x86_64-fedora-gcc | 0.0.1 | 30.68 | NOTE | |||
r-devel-windows-x86_64 | 0.0.1 | 3.00 | 43.00 | 46.00 | NOTE | |
r-patched-linux-x86_64 | 0.0.1 | 1.87 | 21.68 | 23.55 | NOTE | |
r-release-linux-x86_64 | 0.0.1 | 1.78 | 21.70 | 23.48 | NOTE | |
r-release-macos-arm64 | 0.0.1 | 16.00 | NOTE | |||
r-release-windows-x86_64 | 0.0.1 | 2.00 | 44.00 | 46.00 | NOTE | |
r-oldrel-macos-arm64 | 0.0.1 | 17.00 | NOTE | |||
r-oldrel-macos-x86_64 | 0.0.1 | 22.00 | NOTE | |||
r-oldrel-windows-x86_64 | 0.0.1 | 2.00 | 41.00 | 43.00 | NOTE |
Version: 0.0.1
Check: LazyData
Result: NOTE
'LazyData' is specified without a 'data' directory
Flavors: r-devel-linux-x86_64-debian-clang, r-devel-linux-x86_64-debian-gcc, r-devel-linux-x86_64-fedora-clang, r-devel-linux-x86_64-fedora-gcc, r-devel-windows-x86_64, r-patched-linux-x86_64, r-release-linux-x86_64, r-release-macos-arm64, r-release-windows-x86_64, r-oldrel-macos-arm64, r-oldrel-macos-x86_64, r-oldrel-windows-x86_64