CRAN Package Check Results for Package funr

Last updated on 2024-02-25 16:51:41 CET.

Flavor Version Tinstall Tcheck Ttotal Status Flags
r-devel-linux-x86_64-debian-clang 0.3.2 2.06 21.42 23.48 NOTE
r-devel-linux-x86_64-debian-gcc 0.3.2 1.74 19.15 20.89 NOTE
r-devel-linux-x86_64-fedora-clang 0.3.2 33.54 NOTE
r-devel-linux-x86_64-fedora-gcc 0.3.2 31.75 NOTE
r-devel-windows-x86_64 0.3.2 3.00 46.00 49.00 NOTE
r-patched-linux-x86_64 0.3.2 1.97 23.79 25.76 NOTE
r-release-linux-x86_64 0.3.2 2.31 23.91 26.22 NOTE
r-release-macos-arm64 0.3.2 17.00 NOTE
r-release-macos-x86_64 0.3.2 21.00 NOTE
r-release-windows-x86_64 0.3.2 4.00 46.00 50.00 NOTE
r-oldrel-macos-arm64 0.3.2 18.00 NOTE
r-oldrel-windows-x86_64 0.3.2 4.00 48.00 52.00 NOTE

Check Details

Version: 0.3.2
Check: LazyData
Result: NOTE 'LazyData' is specified without a 'data' directory Flavors: r-devel-linux-x86_64-debian-clang, r-devel-linux-x86_64-debian-gcc, r-devel-linux-x86_64-fedora-clang, r-devel-linux-x86_64-fedora-gcc, r-devel-windows-x86_64, r-patched-linux-x86_64, r-release-linux-x86_64, r-release-macos-arm64, r-release-macos-x86_64, r-release-windows-x86_64, r-oldrel-macos-arm64, r-oldrel-windows-x86_64