Last updated on 2024-03-28 23:55:07 CET.
Flavor | Version | Tinstall | Tcheck | Ttotal | Status | Flags |
---|---|---|---|---|---|---|
r-devel-linux-x86_64-debian-clang | 1.0.1 | 46.06 | 112.60 | 158.66 | NOTE | |
r-devel-linux-x86_64-debian-gcc | 1.0.1 | 36.50 | 88.59 | 125.09 | NOTE | |
r-devel-linux-x86_64-fedora-clang | 1.0.1 | 202.02 | NOTE | |||
r-devel-linux-x86_64-fedora-gcc | 1.0.1 | 227.66 | NOTE | |||
r-devel-windows-x86_64 | 1.0.1 | 36.00 | 120.00 | 156.00 | NOTE | |
r-patched-linux-x86_64 | 1.0.1 | 41.80 | 111.04 | 152.84 | NOTE | |
r-release-linux-x86_64 | 1.0.1 | 35.73 | 115.53 | 151.26 | NOTE | |
r-release-macos-arm64 | 1.0.1 | 81.00 | NOTE | |||
r-release-macos-x86_64 | 1.0.1 | 113.00 | NOTE | |||
r-release-windows-x86_64 | 1.0.1 | 42.00 | 145.00 | 187.00 | NOTE | |
r-oldrel-macos-arm64 | 1.0.1 | 73.00 | NOTE | |||
r-oldrel-windows-x86_64 | 1.0.1 | 40.00 | 144.00 | 184.00 | NOTE |
Version: 1.0.1
Check: LazyData
Result: NOTE
'LazyData' is specified without a 'data' directory
Flavors: r-devel-linux-x86_64-debian-clang, r-devel-linux-x86_64-debian-gcc, r-devel-linux-x86_64-fedora-clang, r-devel-linux-x86_64-fedora-gcc, r-devel-windows-x86_64, r-patched-linux-x86_64, r-release-linux-x86_64, r-release-macos-arm64, r-release-macos-x86_64, r-release-windows-x86_64, r-oldrel-macos-arm64, r-oldrel-windows-x86_64
Version: 1.0.1
Check: installed package size
Result: NOTE
installed size is 5.3Mb
sub-directories of 1Mb or more:
libs 5.1Mb
Flavors: r-release-macos-arm64, r-oldrel-macos-arm64