CRAN Package Check Results for Package future

Last updated on 2021-09-21 12:53:23 CEST.

Flavor Version Tinstall Tcheck Ttotal Status Flags
r-devel-linux-x86_64-debian-clang 1.22.1 7.99 224.08 232.07 OK
r-devel-linux-x86_64-debian-gcc 1.22.1 7.80 169.98 177.78 OK
r-devel-linux-x86_64-fedora-clang 1.22.1 287.64 OK
r-devel-linux-x86_64-fedora-gcc 1.22.1 285.02 OK
r-devel-windows-x86_64 1.22.1 12.00 292.00 304.00 OK
r-devel-windows-x86_64-gcc10-UCRT 1.22.1 ERROR
r-patched-linux-x86_64 1.22.1 10.40 221.07 231.47 OK
r-patched-solaris-x86 1.22.1 125.40 OK --no-tests
r-release-linux-x86_64 1.22.1 8.69 221.29 229.98 OK
r-release-macos-arm64 1.22.1 OK
r-release-macos-x86_64 1.22.1 OK
r-release-windows-ix86+x86_64 1.22.1 16.00 294.00 310.00 OK
r-oldrel-macos-x86_64 1.22.1 OK
r-oldrel-windows-ix86+x86_64 1.22.1 15.00 380.00 395.00 OK

Check Details

Version: 1.22.1
Check: whether package can be installed
Result: WARN
    Found the following significant warnings:
     WARNING: installation-time patches will not be applied, could not get the patches index
Flavor: r-devel-windows-x86_64-gcc10-UCRT

Version: 1.22.1
Check: PDF version of manual
Result: WARN
    LaTeX errors when creating PDF version.
    This typically indicates Rd problems.
Flavor: r-devel-windows-x86_64-gcc10-UCRT

Version: 1.22.1
Check: PDF version of manual without hyperrefs or index
Result: ERROR
    Re-running with no redirection of stdout/stderr.
Flavor: r-devel-windows-x86_64-gcc10-UCRT