Last updated on 2023-02-04 01:54:20 CET.
Flavor | Version | Tinstall | Tcheck | Ttotal | Status | Flags |
---|---|---|---|---|---|---|
r-devel-linux-x86_64-debian-clang | 0.3.0 | 2.75 | 33.68 | 36.43 | NOTE | |
r-devel-linux-x86_64-debian-gcc | 0.3.0 | 2.23 | 25.46 | 27.69 | NOTE | |
r-devel-linux-x86_64-fedora-clang | 0.3.0 | 47.35 | NOTE | |||
r-devel-linux-x86_64-fedora-gcc | 0.3.0 | 44.10 | NOTE | |||
r-devel-windows-x86_64 | 0.3.0 | 20.00 | 61.00 | 81.00 | NOTE | |
r-patched-linux-x86_64 | 0.3.0 | 2.92 | 33.12 | 36.04 | NOTE | |
r-release-linux-x86_64 | 0.3.0 | 2.60 | 33.63 | 36.23 | NOTE | |
r-release-macos-arm64 | 0.3.0 | 17.00 | NOTE | |||
r-release-macos-x86_64 | 0.3.0 | 27.00 | NOTE | |||
r-release-windows-x86_64 | 0.3.0 | 14.00 | 65.00 | 79.00 | NOTE | |
r-oldrel-macos-arm64 | 0.3.0 | 23.00 | NOTE | |||
r-oldrel-macos-x86_64 | 0.3.0 | 31.00 | NOTE | |||
r-oldrel-windows-ix86+x86_64 | 0.3.0 | 7.00 | 57.00 | 64.00 | NOTE |
Version: 0.3.0
Check: LazyData
Result: NOTE
'LazyData' is specified without a 'data' directory
Flavors: r-devel-linux-x86_64-debian-clang, r-devel-linux-x86_64-debian-gcc, r-devel-linux-x86_64-fedora-clang, r-devel-linux-x86_64-fedora-gcc, r-devel-windows-x86_64, r-patched-linux-x86_64, r-release-linux-x86_64, r-release-macos-arm64, r-release-macos-x86_64, r-release-windows-x86_64, r-oldrel-macos-arm64, r-oldrel-macos-x86_64, r-oldrel-windows-ix86+x86_64