Last updated on 2023-06-05 16:54:56 CEST.
Flavor | Version | Tinstall | Tcheck | Ttotal | Status | Flags |
---|---|---|---|---|---|---|
r-devel-linux-x86_64-debian-clang | 1.8.9 | 301.19 | 182.77 | 483.96 | OK | |
r-devel-linux-x86_64-debian-gcc | 1.8.9 | 245.54 | 143.97 | 389.51 | OK | |
r-devel-linux-x86_64-fedora-clang | 1.8.9 | 735.22 | WARN | |||
r-devel-linux-x86_64-fedora-gcc | 1.8.9 | 713.61 | OK | |||
r-devel-windows-x86_64 | 1.8.9 | 229.00 | 216.00 | 445.00 | OK | |
r-patched-linux-x86_64 | 1.8.9 | 254.00 | 177.25 | 431.25 | OK | |
r-release-linux-x86_64 | 1.8.9 | 253.78 | 179.81 | 433.59 | OK | |
r-release-macos-arm64 | 1.8.9 | 173.00 | NOTE | |||
r-release-macos-x86_64 | 1.8.9 | 213.00 | NOTE | |||
r-release-windows-x86_64 | 1.8.9 | 294.00 | 251.00 | 545.00 | OK | |
r-oldrel-macos-arm64 | 1.8.9 | 160.00 | NOTE | |||
r-oldrel-macos-x86_64 | 1.8.9 | 196.00 | NOTE | |||
r-oldrel-windows-x86_64 | 1.8.9 | 275.00 | 234.00 | 509.00 | OK |
Version: 1.8.9
Check: whether package can be installed
Result: WARN
Found the following significant warnings:
/data/gannet/ripley/R/test-clang/Rcpp/include/Rcpp/sugar/functions/sapply.h:36:26: warning: 'result_of<int (*(SEXPREC *))(SEXPREC *)>' is deprecated [-Wdeprecated-declarations]
See ‘/data/gannet/ripley/R/packages/tests-clang/gRbase.Rcheck/00install.out’ for details.
* used C compiler: ‘clang version 16.0.5’
* used C++ compiler: ‘clang version 16.0.5’
Flavor: r-devel-linux-x86_64-fedora-clang
Version: 1.8.9
Check: installed package size
Result: NOTE
installed size is 12.1Mb
sub-directories of 1Mb or more:
libs 10.1Mb
Flavors: r-release-macos-arm64, r-release-macos-x86_64, r-oldrel-macos-arm64, r-oldrel-macos-x86_64