CRAN Package Check Results for Package gWQS

Last updated on 2021-10-18 04:54:21 CEST.

Flavor Version Tinstall Tcheck Ttotal Status Flags
r-devel-linux-x86_64-debian-clang 3.0.4 15.28 125.56 140.84 OK
r-devel-linux-x86_64-debian-gcc 3.0.4 11.54 94.66 106.20 OK
r-devel-linux-x86_64-fedora-clang 3.0.4 173.53 NOTE
r-devel-linux-x86_64-fedora-gcc 3.0.4 162.66 NOTE
r-devel-windows-x86_64 3.0.4 24.00 161.00 185.00 OK
r-devel-windows-x86_64-gcc10-UCRT 3.0.4 NOTE
r-patched-linux-x86_64 3.0.4 14.44 124.14 138.58 OK
r-patched-solaris-x86 3.0.4 230.10 NOTE
r-release-linux-x86_64 3.0.4 15.65 118.79 134.44 OK
r-release-macos-arm64 3.0.4 NOTE
r-release-macos-x86_64 3.0.4 NOTE
r-release-windows-ix86+x86_64 3.0.4 34.00 153.00 187.00 OK
r-oldrel-macos-x86_64 3.0.4 NOTE
r-oldrel-windows-ix86+x86_64 3.0.4 37.00 162.00 199.00 OK

Check Details

Version: 3.0.4
Check: dependencies in R code
Result: NOTE
    Namespace in Imports field not imported from: ‘dplyr’
     All declared Imports should be used.
Flavors: r-devel-linux-x86_64-fedora-clang, r-devel-linux-x86_64-fedora-gcc, r-devel-windows-x86_64-gcc10-UCRT, r-patched-solaris-x86, r-release-macos-arm64, r-release-macos-x86_64, r-oldrel-macos-x86_64