CRAN Package Check Results for Package gamesGA

Last updated on 2021-09-28 01:49:23 CEST.

Flavor Version Tinstall Tcheck Ttotal Status Flags
r-devel-linux-x86_64-debian-clang 1.1.3.7 4.85 41.48 46.33 NOTE
r-devel-linux-x86_64-debian-gcc 1.1.3.7 3.33 33.09 36.42 NOTE
r-devel-linux-x86_64-fedora-clang 1.1.3.7 63.51 NOTE
r-devel-linux-x86_64-fedora-gcc 1.1.3.7 54.64 NOTE
r-devel-windows-x86_64 1.1.3.7 9.00 46.00 55.00 NOTE
r-devel-windows-x86_64-gcc10-UCRT 1.1.3.7 NOTE
r-patched-linux-x86_64 1.1.3.7 4.12 42.27 46.39 NOTE
r-patched-solaris-x86 1.1.3.7 84.50 NOTE
r-release-linux-x86_64 1.1.3.7 3.97 41.87 45.84 NOTE
r-release-macos-arm64 1.1.3.7 NOTE
r-release-macos-x86_64 1.1.3.7 NOTE
r-release-windows-ix86+x86_64 1.1.3.7 13.00 62.00 75.00 NOTE
r-oldrel-macos-x86_64 1.1.3.7 NOTE
r-oldrel-windows-ix86+x86_64 1.1.3.7 11.00 63.00 74.00 OK

Check Details

Version: 1.1.3.7
Check: LazyData
Result: NOTE
     'LazyData' is specified without a 'data' directory
Flavors: r-devel-linux-x86_64-debian-clang, r-devel-linux-x86_64-debian-gcc, r-devel-linux-x86_64-fedora-clang, r-devel-linux-x86_64-fedora-gcc, r-devel-windows-x86_64, r-devel-windows-x86_64-gcc10-UCRT, r-patched-linux-x86_64, r-patched-solaris-x86, r-release-linux-x86_64, r-release-macos-arm64, r-release-macos-x86_64, r-release-windows-ix86+x86_64

Version: 1.1.3.7
Check: dependencies in R code
Result: NOTE
    Namespace in Imports field not imported from: ‘grDevices’
     All declared Imports should be used.
Flavors: r-devel-linux-x86_64-fedora-clang, r-devel-linux-x86_64-fedora-gcc, r-devel-windows-x86_64-gcc10-UCRT, r-patched-solaris-x86, r-release-macos-arm64, r-release-macos-x86_64, r-oldrel-macos-x86_64