Last updated on 2023-12-06 00:58:13 CET.
Flavor | Version | Tinstall | Tcheck | Ttotal | Status | Flags |
---|---|---|---|---|---|---|
r-devel-linux-x86_64-debian-clang | 3.5.1 | 14.80 | 117.84 | 132.64 | NOTE | |
r-devel-linux-x86_64-debian-gcc | 3.5.1 | 13.01 | 88.74 | 101.75 | NOTE | |
r-devel-linux-x86_64-fedora-clang | 3.5.1 | 173.98 | NOTE | |||
r-devel-linux-x86_64-fedora-gcc | 3.5.1 | 158.67 | NOTE | |||
r-devel-windows-x86_64 | 3.5.1 | 13.00 | 100.00 | 113.00 | NOTE | |
r-patched-linux-x86_64 | 3.5.1 | 16.69 | 114.42 | 131.11 | NOTE | |
r-release-linux-x86_64 | 3.5.1 | 12.81 | 117.26 | 130.07 | NOTE | |
r-release-macos-arm64 | 3.5.1 | 46.00 | NOTE | |||
r-release-macos-x86_64 | 3.5.1 | 82.00 | NOTE | |||
r-release-windows-x86_64 | 3.5.1 | 18.00 | 122.00 | 140.00 | NOTE | |
r-oldrel-macos-arm64 | 3.5.1 | 42.00 | NOTE | |||
r-oldrel-macos-x86_64 | 3.5.1 | 58.00 | NOTE | |||
r-oldrel-windows-x86_64 | 3.5.1 | 17.00 | 122.00 | 139.00 | NOTE |
Version: 3.5.1
Check: LazyData
Result: NOTE
'LazyData' is specified without a 'data' directory
Flavors: r-devel-linux-x86_64-debian-clang, r-devel-linux-x86_64-debian-gcc, r-devel-linux-x86_64-fedora-clang, r-devel-linux-x86_64-fedora-gcc, r-devel-windows-x86_64, r-patched-linux-x86_64, r-release-linux-x86_64, r-release-macos-arm64, r-release-macos-x86_64, r-release-windows-x86_64, r-oldrel-macos-arm64, r-oldrel-macos-x86_64, r-oldrel-windows-x86_64