Last updated on 2023-10-03 17:05:55 CEST.
Flavor | Version | Tinstall | Tcheck | Ttotal | Status | Flags |
---|---|---|---|---|---|---|
r-devel-linux-x86_64-debian-clang | 6.1-1 | 58.77 | 273.92 | 332.69 | OK | |
r-devel-linux-x86_64-debian-gcc | 6.1-1 | 39.16 | 191.42 | 230.58 | OK | |
r-devel-linux-x86_64-fedora-clang | 6.1-1 | 395.43 | NOTE | |||
r-devel-linux-x86_64-fedora-gcc | 6.1-1 | 391.61 | OK | |||
r-devel-windows-x86_64 | 6.1-1 | 53.00 | 188.00 | 241.00 | OK | |
r-patched-linux-x86_64 | 6.1-1 | 69.92 | 262.62 | 332.54 | OK | |
r-release-linux-x86_64 | 6.1-1 | 56.94 | 261.68 | 318.62 | OK | |
r-release-macos-arm64 | 6.1-1 | 79.00 | OK | |||
r-release-macos-x86_64 | 6.1-1 | 298.00 | OK | |||
r-release-windows-x86_64 | 6.1-1 | 72.00 | 235.00 | 307.00 | OK | |
r-oldrel-macos-arm64 | 6.1-1 | 78.00 | OK | |||
r-oldrel-macos-x86_64 | 6.1-1 | 130.00 | OK | |||
r-oldrel-windows-x86_64 | 6.1-1 | 75.00 | 225.00 | 300.00 | OK |
Version: 6.1-1
Check: Rd cross-references
Result: NOTE
Undeclared package ‘gamlss’ in Rd xrefs
Flavor: r-devel-linux-x86_64-fedora-clang