Last updated on 2024-04-19 01:04:32 CEST.
Flavor | Version | Tinstall | Tcheck | Ttotal | Status | Flags |
---|---|---|---|---|---|---|
r-devel-linux-x86_64-debian-clang | 0.3 | 41.31 | 94.68 | 135.99 | NOTE | |
r-devel-linux-x86_64-debian-gcc | 0.3 | 35.67 | 68.93 | 104.60 | NOTE | |
r-devel-linux-x86_64-fedora-clang | 0.3 | 187.12 | NOTE | |||
r-devel-linux-x86_64-fedora-gcc | 0.3 | 186.05 | NOTE | |||
r-prerel-macos-arm64 | 0.3 | 49.00 | NOTE | |||
r-prerel-windows-x86_64 | 0.3 | 41.00 | 103.00 | 144.00 | NOTE | |
r-patched-linux-x86_64 | 0.3 | 48.07 | 88.21 | 136.28 | NOTE | |
r-release-linux-x86_64 | 0.3 | 37.22 | 89.90 | 127.12 | NOTE | |
r-release-macos-arm64 | 0.3 | 54.00 | NOTE | |||
r-release-macos-x86_64 | 0.3 | 85.00 | NOTE | |||
r-release-windows-x86_64 | 0.3 | 51.00 | 120.00 | 171.00 | NOTE | |
r-oldrel-macos-arm64 | 0.3 | 50.00 | NOTE | |||
r-oldrel-windows-x86_64 | 0.3 | 51.00 | 118.00 | 169.00 | NOTE |
Version: 0.3
Check: LazyData
Result: NOTE
'LazyData' is specified without a 'data' directory
Flavors: r-devel-linux-x86_64-debian-clang, r-devel-linux-x86_64-debian-gcc, r-devel-linux-x86_64-fedora-clang, r-devel-linux-x86_64-fedora-gcc, r-prerel-macos-arm64, r-prerel-windows-x86_64, r-patched-linux-x86_64, r-release-linux-x86_64, r-release-macos-arm64, r-release-macos-x86_64, r-release-windows-x86_64, r-oldrel-macos-arm64, r-oldrel-windows-x86_64