CRAN Package Check Results for Package gamreg

Last updated on 2021-10-26 09:09:25 CEST.

Flavor Version Tinstall Tcheck Ttotal Status Flags
r-devel-linux-x86_64-debian-clang 0.3 42.03 85.65 127.68 NOTE
r-devel-linux-x86_64-debian-gcc 0.3 32.38 63.43 95.81 NOTE
r-devel-linux-x86_64-fedora-clang 0.3 176.70 NOTE
r-devel-linux-x86_64-fedora-gcc 0.3 159.19 NOTE
r-devel-windows-x86_64 0.3 60.00 114.00 174.00 NOTE
r-devel-windows-x86_64-gcc10-UCRT 0.3 NOTE
r-patched-linux-x86_64 0.3 39.08 82.39 121.47 NOTE
r-patched-solaris-x86 0.3 200.60 NOTE
r-release-linux-x86_64 0.3 33.46 80.18 113.64 NOTE
r-release-macos-arm64 0.3 NOTE
r-release-macos-x86_64 0.3 NOTE
r-release-windows-ix86+x86_64 0.3 80.00 151.00 231.00 NOTE
r-oldrel-macos-x86_64 0.3 OK
r-oldrel-windows-ix86+x86_64 0.3 109.00 152.00 261.00 OK

Check Details

Version: 0.3
Check: LazyData
Result: NOTE
     'LazyData' is specified without a 'data' directory
Flavors: r-devel-linux-x86_64-debian-clang, r-devel-linux-x86_64-debian-gcc, r-devel-linux-x86_64-fedora-clang, r-devel-linux-x86_64-fedora-gcc, r-devel-windows-x86_64, r-devel-windows-x86_64-gcc10-UCRT, r-patched-linux-x86_64, r-patched-solaris-x86, r-release-linux-x86_64, r-release-macos-arm64, r-release-macos-x86_64, r-release-windows-ix86+x86_64