CRAN Package Check Results for Package ganalytics

Last updated on 2021-10-22 20:49:01 CEST.

Flavor Version Tinstall Tcheck Ttotal Status Flags
r-devel-linux-x86_64-debian-clang 0.10.7 73.93 119.55 193.48 NOTE
r-devel-linux-x86_64-debian-gcc 0.10.7 56.86 91.19 148.05 NOTE
r-devel-linux-x86_64-fedora-clang 0.10.7 255.14 NOTE
r-devel-linux-x86_64-fedora-gcc 0.10.7 231.72 NOTE
r-devel-windows-x86_64 0.10.7 100.00 156.00 256.00 NOTE
r-devel-windows-x86_64-gcc10-UCRT 0.10.7 NOTE
r-patched-linux-x86_64 0.10.7 71.85 114.37 186.22 NOTE
r-patched-solaris-x86 0.10.7 304.90 NOTE
r-release-linux-x86_64 0.10.7 60.49 113.30 173.79 NOTE
r-release-macos-arm64 0.10.7 NOTE
r-release-macos-x86_64 0.10.7 NOTE
r-release-windows-ix86+x86_64 0.10.7 74.00 130.00 204.00 NOTE
r-oldrel-macos-x86_64 0.10.7 OK
r-oldrel-windows-ix86+x86_64 0.10.7 110.00 148.00 258.00 OK

Check Details

Version: 0.10.7
Check: LazyData
Result: NOTE
     'LazyData' is specified without a 'data' directory
Flavors: r-devel-linux-x86_64-debian-clang, r-devel-linux-x86_64-debian-gcc, r-devel-linux-x86_64-fedora-clang, r-devel-linux-x86_64-fedora-gcc, r-devel-windows-x86_64, r-devel-windows-x86_64-gcc10-UCRT, r-patched-linux-x86_64, r-patched-solaris-x86, r-release-linux-x86_64, r-release-macos-arm64, r-release-macos-x86_64, r-release-windows-ix86+x86_64