Last updated on 2023-05-28 22:00:11 CEST.
Flavor | Version | Tinstall | Tcheck | Ttotal | Status | Flags |
---|---|---|---|---|---|---|
r-devel-linux-x86_64-debian-clang | 0.0.1 | 3.98 | 40.91 | 44.89 | NOTE | |
r-devel-linux-x86_64-debian-gcc | 0.0.1 | 2.82 | 32.29 | 35.11 | NOTE | |
r-devel-linux-x86_64-fedora-clang | 0.0.1 | 56.00 | NOTE | |||
r-devel-linux-x86_64-fedora-gcc | 0.0.1 | 64.68 | NOTE | |||
r-devel-windows-x86_64 | 0.0.1 | 5.00 | 59.00 | 64.00 | NOTE | |
r-patched-linux-x86_64 | 0.0.1 | 3.68 | 39.50 | 43.18 | NOTE | |
r-release-linux-x86_64 | 0.0.1 | 3.37 | 39.37 | 42.74 | NOTE | |
r-release-macos-arm64 | 0.0.1 | 28.00 | NOTE | |||
r-release-macos-x86_64 | 0.0.1 | 41.00 | NOTE | |||
r-release-windows-x86_64 | 0.0.1 | 7.00 | 62.00 | 69.00 | NOTE | |
r-oldrel-macos-arm64 | 0.0.1 | 24.00 | NOTE | |||
r-oldrel-macos-x86_64 | 0.0.1 | 41.00 | NOTE | |||
r-oldrel-windows-x86_64 | 0.0.1 | 7.00 | 69.00 | 76.00 | NOTE |
Version: 0.0.1
Check: LazyData
Result: NOTE
'LazyData' is specified without a 'data' directory
Flavors: r-devel-linux-x86_64-debian-clang, r-devel-linux-x86_64-debian-gcc, r-devel-linux-x86_64-fedora-clang, r-devel-linux-x86_64-fedora-gcc, r-devel-windows-x86_64, r-patched-linux-x86_64, r-release-linux-x86_64, r-release-macos-arm64, r-release-macos-x86_64, r-release-windows-x86_64, r-oldrel-macos-arm64, r-oldrel-macos-x86_64, r-oldrel-windows-x86_64