Last updated on 2023-06-05 16:54:55 CEST.
Flavor | Version | Tinstall | Tcheck | Ttotal | Status | Flags |
---|---|---|---|---|---|---|
r-devel-linux-x86_64-debian-clang | 0.9.11 | 14.94 | 164.90 | 179.84 | OK | |
r-devel-linux-x86_64-debian-gcc | 0.9.11 | 12.10 | 124.53 | 136.63 | OK | |
r-devel-linux-x86_64-fedora-clang | 0.9.11 | 218.61 | OK | |||
r-devel-linux-x86_64-fedora-gcc | 0.9.11 | 220.53 | OK | |||
r-devel-windows-x86_64 | 0.9.11 | 13.00 | 132.00 | 145.00 | OK | |
r-patched-linux-x86_64 | 0.9.11 | 11.25 | 153.08 | 164.33 | OK | |
r-release-linux-x86_64 | 0.9.11 | 14.14 | 152.99 | 167.13 | OK | |
r-release-macos-arm64 | 0.9.11 | 71.00 | OK | |||
r-release-macos-x86_64 | 0.9.11 | 71.00 | NOTE | |||
r-release-windows-x86_64 | 0.9.11 | 18.00 | 168.00 | 186.00 | OK | |
r-oldrel-macos-arm64 | 0.9.11 | 54.00 | OK | |||
r-oldrel-macos-x86_64 | 0.9.11 | 87.00 | OK | |||
r-oldrel-windows-x86_64 | 0.9.11 | 19.00 | 160.00 | 179.00 | OK |
Version: 0.9.11
Check: package dependencies
Result: NOTE
Package suggested but not available for checking: ‘yardstick’
Flavor: r-release-macos-x86_64