Last updated on 2023-09-22 05:53:39 CEST.
Flavor | Version | Tinstall | Tcheck | Ttotal | Status | Flags |
---|---|---|---|---|---|---|
r-devel-linux-x86_64-debian-clang | 1.5.9 | 742.66 | 122.57 | 865.23 | NOTE | |
r-devel-linux-x86_64-debian-gcc | 1.5.9 | 550.16 | 110.21 | 660.37 | NOTE | |
r-devel-linux-x86_64-fedora-clang | 1.5.9 | 1292.24 | NOTE | |||
r-devel-linux-x86_64-fedora-gcc | 1.5.9 | 1390.11 | NOTE | |||
r-devel-windows-x86_64 | 1.5.9 | 522.00 | 186.00 | 708.00 | NOTE | |
r-patched-linux-x86_64 | 1.5.9 | 726.16 | 136.14 | 862.30 | NOTE | |
r-release-linux-x86_64 | 1.5.9 | 736.95 | 138.12 | 875.07 | NOTE | |
r-release-macos-arm64 | 1.5.9 | 311.00 | NOTE | |||
r-release-macos-x86_64 | 1.5.9 | 523.00 | NOTE | |||
r-release-windows-x86_64 | 1.5.9 | 673.00 | 202.00 | 875.00 | NOTE | |
r-oldrel-macos-arm64 | 1.5.9 | 284.00 | NOTE | |||
r-oldrel-macos-x86_64 | 1.5.9 | 347.00 | NOTE | |||
r-oldrel-windows-x86_64 | 1.5.9 | 653.00 | 191.00 | 844.00 | NOTE |
Version: 1.5.9
Check: C++ specification
Result: NOTE
Specified C++11: please drop specification unless essential
Flavors: r-devel-linux-x86_64-debian-clang, r-devel-linux-x86_64-debian-gcc, r-devel-linux-x86_64-fedora-clang, r-devel-linux-x86_64-fedora-gcc, r-devel-windows-x86_64, r-patched-linux-x86_64, r-release-linux-x86_64, r-release-macos-arm64, r-release-macos-x86_64, r-release-windows-x86_64
Version: 1.5.9
Check: installed package size
Result: NOTE
installed size is 5.5Mb
sub-directories of 1Mb or more:
extdata 1.6Mb
libs 1.9Mb
Flavors: r-devel-linux-x86_64-fedora-clang, r-devel-windows-x86_64, r-release-macos-arm64, r-release-macos-x86_64, r-release-windows-x86_64, r-oldrel-macos-arm64, r-oldrel-macos-x86_64, r-oldrel-windows-x86_64
Version: 1.5.9
Check: Rd cross-references
Result: NOTE
Undeclared package ‘RcppEigen’ in Rd xrefs
Flavor: r-devel-linux-x86_64-fedora-clang