Last updated on 2023-12-06 00:58:13 CET.
Flavor | Version | Tinstall | Tcheck | Ttotal | Status | Flags |
---|---|---|---|---|---|---|
r-devel-linux-x86_64-debian-clang | 0.1.13 | 37.27 | 424.00 | 461.27 | NOTE | |
r-devel-linux-x86_64-debian-gcc | 0.1.13 | 32.03 | 312.35 | 344.38 | NOTE | |
r-devel-linux-x86_64-fedora-clang | 0.1.13 | 626.21 | NOTE | |||
r-devel-linux-x86_64-fedora-gcc | 0.1.13 | 622.81 | NOTE | |||
r-devel-windows-x86_64 | 0.1.13 | 28.00 | 262.00 | 290.00 | NOTE | |
r-patched-linux-x86_64 | 0.1.13 | 36.56 | 411.38 | 447.94 | OK | |
r-release-linux-x86_64 | 0.1.13 | 28.72 | 411.73 | 440.45 | OK | |
r-release-macos-arm64 | 0.1.13 | 150.00 | OK | |||
r-release-macos-x86_64 | 0.1.13 | 283.00 | OK | |||
r-release-windows-x86_64 | 0.1.13 | 39.00 | 330.00 | 369.00 | OK | |
r-oldrel-macos-arm64 | 0.1.13 | 185.00 | OK | |||
r-oldrel-macos-x86_64 | 0.1.13 | 443.00 | OK | |||
r-oldrel-windows-x86_64 | 0.1.13 | 37.00 | 319.00 | 356.00 | OK |
Version: 0.1.13
Check: Rd \usage sections
Result: NOTE
Documented arguments not in \usage in Rd file 'lrr_plot.Rd':
‘plot_cols’
Functions with \usage entries need to have the appropriate \alias
entries, and all their arguments documented.
The \usage entries must correspond to syntactically valid R code.
See chapter ‘Writing R documentation files’ in the ‘Writing R
Extensions’ manual.
Flavors: r-devel-linux-x86_64-debian-clang, r-devel-linux-x86_64-debian-gcc, r-devel-linux-x86_64-fedora-clang, r-devel-linux-x86_64-fedora-gcc, r-devel-windows-x86_64