CRAN Package Check Results for Package gaussplotR

Last updated on 2024-06-22 00:57:58 CEST.

Flavor Version Tinstall Tcheck Ttotal Status Flags
r-devel-linux-x86_64-debian-clang 0.2.5 3.26 51.63 54.89 NOTE
r-devel-linux-x86_64-debian-gcc 0.2.5 2.83 39.45 42.28 NOTE
r-devel-linux-x86_64-fedora-clang 0.2.5 71.57 NOTE
r-devel-linux-x86_64-fedora-gcc 0.2.5 81.36 NOTE
r-devel-windows-x86_64 0.2.5 5.00 60.00 65.00 NOTE
r-patched-linux-x86_64 0.2.5 3.89 51.27 55.16 NOTE
r-release-linux-x86_64 0.2.5 3.76 49.45 53.21 NOTE
r-release-macos-arm64 0.2.5 30.00 NOTE
r-release-macos-x86_64 0.2.5 61.00 NOTE
r-release-windows-x86_64 0.2.5 5.00 63.00 68.00 NOTE
r-oldrel-macos-arm64 0.2.5 33.00 OK
r-oldrel-macos-x86_64 0.2.5 47.00 OK
r-oldrel-windows-x86_64 0.2.5 6.00 66.00 72.00 OK

Check Details

Version: 0.2.5
Check: Rd files
Result: NOTE checkRd: (-1) autofit_gaussian_2D.Rd:34: Lost braces in \itemize; \value handles \item{}{} directly checkRd: (-1) autofit_gaussian_2D.Rd:35: Lost braces in \itemize; \value handles \item{}{} directly checkRd: (-1) autofit_gaussian_2D.Rd:36-37: Lost braces in \itemize; \value handles \item{}{} directly checkRd: (-1) autofit_gaussian_2D.Rd:38-39: Lost braces in \itemize; \value handles \item{}{} directly checkRd: (-1) characterize_gaussian_fits.Rd:34-36: Lost braces in \itemize; \value handles \item{}{} directly checkRd: (-1) characterize_gaussian_fits.Rd:37-39: Lost braces in \itemize; \value handles \item{}{} directly checkRd: (-1) characterize_gaussian_fits.Rd:40-41: Lost braces in \itemize; \value handles \item{}{} directly checkRd: (-1) characterize_gaussian_fits.Rd:42-43: Lost braces in \itemize; \value handles \item{}{} directly checkRd: (-1) characterize_gaussian_fits.Rd:44-45: Lost braces in \itemize; \value handles \item{}{} directly checkRd: (-1) characterize_gaussian_fits.Rd:46-47: Lost braces in \itemize; \value handles \item{}{} directly checkRd: (-1) characterize_gaussian_fits.Rd:48-49: Lost braces in \itemize; \value handles \item{}{} directly checkRd: (-1) characterize_gaussian_fits.Rd:50-51: Lost braces in \itemize; \value handles \item{}{} directly checkRd: (-1) characterize_gaussian_fits.Rd:52-53: Lost braces in \itemize; \value handles \item{}{} directly checkRd: (-1) characterize_gaussian_fits.Rd:54-55: Lost braces in \itemize; \value handles \item{}{} directly checkRd: (-1) compare_gaussian_fits.Rd:19-21: Lost braces in \itemize; \value handles \item{}{} directly checkRd: (-1) compare_gaussian_fits.Rd:22-24: Lost braces in \itemize; \value handles \item{}{} directly checkRd: (-1) fit_gaussian_2D.Rd:57: Lost braces in \itemize; \value handles \item{}{} directly checkRd: (-1) fit_gaussian_2D.Rd:58: Lost braces in \itemize; \value handles \item{}{} directly checkRd: (-1) fit_gaussian_2D.Rd:59-60: Lost braces in \itemize; \value handles \item{}{} directly checkRd: (-1) fit_gaussian_2D.Rd:61-62: Lost braces in \itemize; \value handles \item{}{} directly Flavors: r-devel-linux-x86_64-debian-clang, r-devel-linux-x86_64-debian-gcc, r-devel-linux-x86_64-fedora-clang, r-devel-linux-x86_64-fedora-gcc, r-devel-windows-x86_64, r-patched-linux-x86_64, r-release-linux-x86_64, r-release-macos-arm64, r-release-macos-x86_64, r-release-windows-x86_64