Last updated on 2024-03-28 23:55:07 CET.
Flavor | Version | Tinstall | Tcheck | Ttotal | Status | Flags |
---|---|---|---|---|---|---|
r-devel-linux-x86_64-debian-clang | 1.0.3 | 7.31 | 79.11 | 86.42 | NOTE | |
r-devel-linux-x86_64-debian-gcc | 1.0.3 | 5.24 | 58.89 | 64.13 | NOTE | |
r-devel-linux-x86_64-fedora-clang | 1.0.3 | 107.25 | NOTE | |||
r-devel-linux-x86_64-fedora-gcc | 1.0.3 | 104.37 | NOTE | |||
r-devel-windows-x86_64 | 1.0.3 | 10.00 | 79.00 | 89.00 | NOTE | |
r-patched-linux-x86_64 | 1.0.3 | 16.03 | 75.34 | 91.37 | NOTE | |
r-release-linux-x86_64 | 1.0.3 | 7.01 | 77.69 | 84.70 | OK | |
r-release-macos-arm64 | 1.0.3 | 37.00 | OK | |||
r-release-macos-x86_64 | 1.0.3 | 54.00 | OK | |||
r-release-windows-x86_64 | 1.0.3 | 13.00 | 95.00 | 108.00 | OK | |
r-oldrel-macos-arm64 | 1.0.3 | 42.00 | OK | |||
r-oldrel-windows-x86_64 | 1.0.3 | 12.00 | 101.00 | 113.00 | OK |
Version: 1.0.3
Check: Rd files
Result: NOTE
checkRd: (-1) matern.cormat.Rd:17: Lost braces; missing escapes or markup?
17 | value of the shape parameter of the Matern correlation class. The default {alpha = 0.5} corresponds to an exponential correlation model.
| ^
Flavors: r-devel-linux-x86_64-debian-clang, r-devel-linux-x86_64-debian-gcc, r-devel-linux-x86_64-fedora-clang, r-devel-linux-x86_64-fedora-gcc, r-devel-windows-x86_64, r-patched-linux-x86_64