Last updated on 2024-03-28 23:55:07 CET.
Flavor | Version | Tinstall | Tcheck | Ttotal | Status | Flags |
---|---|---|---|---|---|---|
r-devel-linux-x86_64-debian-clang | 0.7.0 | 443.76 | 173.36 | 617.12 | OK | |
r-devel-linux-x86_64-debian-gcc | 0.7.0 | 377.18 | 129.56 | 506.74 | OK | |
r-devel-linux-x86_64-fedora-clang | 0.7.0 | 803.66 | NOTE | |||
r-devel-linux-x86_64-fedora-gcc | 0.7.0 | 954.69 | OK | |||
r-devel-windows-x86_64 | 0.7.0 | 345.00 | 667.00 | 1012.00 | NOTE | |
r-patched-linux-x86_64 | 0.7.0 | 449.83 | 167.13 | 616.96 | OK | |
r-release-linux-x86_64 | 0.7.0 | 458.48 | 167.69 | 626.17 | OK | |
r-release-macos-arm64 | 0.7.0 | 263.00 | NOTE | |||
r-release-macos-x86_64 | 0.7.0 | 392.00 | NOTE | |||
r-release-windows-x86_64 | 0.7.0 | 350.00 | 844.00 | 1194.00 | NOTE | |
r-oldrel-macos-arm64 | 0.7.0 | 252.00 | NOTE | |||
r-oldrel-windows-x86_64 | 0.7.0 | 434.00 | 736.00 | 1170.00 | NOTE |
Version: 0.7.0
Check: installed package size
Result: NOTE
installed size is 7.2Mb
sub-directories of 1Mb or more:
L8NY18 2.3Mb
libs 3.6Mb
Flavors: r-devel-linux-x86_64-fedora-clang, r-devel-windows-x86_64, r-release-macos-arm64, r-release-macos-x86_64, r-release-windows-x86_64, r-oldrel-macos-arm64, r-oldrel-windows-x86_64