Last updated on 2023-05-28 22:00:11 CEST.
Flavor | Version | Tinstall | Tcheck | Ttotal | Status | Flags |
---|---|---|---|---|---|---|
r-devel-linux-x86_64-debian-clang | 1.5.0-9.1 | 49.72 | 362.04 | 411.76 | NOTE | |
r-devel-linux-x86_64-debian-gcc | 1.5.0-9.1 | 42.07 | 273.75 | 315.82 | NOTE | |
r-devel-linux-x86_64-fedora-clang | 1.5.0-9.1 | 516.71 | NOTE | |||
r-devel-linux-x86_64-fedora-gcc | 1.5.0-9.1 | 493.89 | NOTE | |||
r-devel-windows-x86_64 | 1.5.0-9.1 | 51.00 | 251.00 | 302.00 | NOTE | |
r-patched-linux-x86_64 | 1.5.0-9.1 | 44.11 | 342.31 | 386.42 | NOTE | |
r-release-linux-x86_64 | 1.5.0-9.1 | 40.25 | 345.26 | 385.51 | NOTE | |
r-release-macos-arm64 | 1.5.0-9.1 | 116.00 | NOTE | |||
r-release-macos-x86_64 | 1.5.0-9.1 | 222.00 | NOTE | |||
r-release-windows-x86_64 | 1.5.0-9.1 | 67.00 | 327.00 | 394.00 | NOTE | |
r-oldrel-macos-arm64 | 1.5.0-9.1 | 104.00 | OK | |||
r-oldrel-macos-x86_64 | 1.5.0-9.1 | 152.00 | OK | |||
r-oldrel-windows-x86_64 | 1.5.0-9.1 | 66.00 | 302.00 | 368.00 | NOTE |
Version: 1.5.0-9.1
Check: C++ specification
Result: NOTE
Specified C++11: please drop specification unless essential
Flavors: r-devel-linux-x86_64-debian-clang, r-devel-linux-x86_64-debian-gcc, r-devel-linux-x86_64-fedora-clang, r-devel-linux-x86_64-fedora-gcc, r-devel-windows-x86_64, r-patched-linux-x86_64, r-release-linux-x86_64, r-release-macos-arm64, r-release-macos-x86_64, r-release-windows-x86_64
Version: 1.5.0-9.1
Check: installed package size
Result: NOTE
installed size is 5.1Mb
sub-directories of 1Mb or more:
extdata 3.0Mb
Flavors: r-devel-windows-x86_64, r-release-windows-x86_64, r-oldrel-windows-x86_64